000
CXUS54 KHGX 011840
CF6HOU
PRELIMINARY LOCAL CLIMATOLOGICAL DATA (WS FORM: F-6)

                                          STATION:   HOUSTON/HOBBY AIRPORT
                                          MONTH:     MARCH
                                          YEAR:      2015
                                          LATITUDE:   29 38 N
                                          LONGITUDE:  95 17 W

  TEMPERATURE IN F:       :PCPN:    SNOW:  WIND      :SUNSHINE: SKY     :PK WND
================================================================================
1   2   3   4   5  6A  6B    7    8   9   10  11  12  13   14  15   16   17  18
                                     12Z  AVG MX 2MIN
DY MAX MIN AVG DEP HDD CDD  WTR  SNW DPTH SPD SPD DIR MIN PSBL S-S WX    SPD DR
================================================================================

 1  68  53  61   1   4   0 0.27  0.0    0  7.4 13 350   M    M  10 128    17  80
 2  63  49  56  -4   9   0    T    M    0  6.6 24  70   M    M  10 12     41  70
 3  80  58  69   8   0   4 0.00  0.0    0  9.2 22 180   M    M   9 12     31 180
 4  81  46  64   3   1   0 0.02  0.0    0 10.4 24 340   M    M   9 1      32 310
 5  50  39  45 -16  20   0 0.71  0.0    0 19.3 31 350   M    M   8 13     38 350
 6  55  33  44 -17  21   0 0.00  0.0    0  7.8 20  30   M    M   5        24  40
 7  59  45  52 -10  13   0    T    M    0  4.7 10  60   M    M   8        13 120
 8  54  49  52 -10  13   0 0.81  0.0    0  7.2 15  80   M    M  10 1      21  80
 9  67  53  60  -2   5   0 1.72  0.0    0  8.9 16 170   M    M  10 12     22 170
10  60  54  57  -5   8   0 0.00  0.0    0  7.9 13 360   M    M  10        15 360
11  60  54  57  -5   8   0 0.13  0.0    0 11.6 22  10   M    M  10 1      28  10
12  61  55  58  -4   7   0 0.70  0.0    M  9.1 18 360   M    M  10 13     22 230
13  66  57  62  -1   3   0 0.02  0.0    0  7.2 14 300   M    M   9 1      18 300
14  77  55  66   3   0   1 0.00  0.0    0  6.4 17 340   M    M   6 12     24 280
15  74  56  65   2   0   0 0.00  0.0    0  4.0 12 350   M    M   7        14 350
16  75  60  68   5   0   3 0.00  0.0    0  4.5 10 110   M    M   7        16 100
17  81  60  71   7   0   6 0.00  0.0    0  3.2 12 170   M    M   8 12     14 160
18  80  64  72   8   0   7 0.24  0.0    0  6.3 14 170   M    M   8 1      18 180
19  80  67  74  10   0   9 0.00  0.0    0  6.4 17 170   M    M   8 1      22 170
20  81  68  75  11   0  10    T  0.0    0  5.1 15 140   M    M   9 1      21 140
21  69  64  67   3   0   2 1.59  0.0    0  7.1 14  70   M    M  10 1      16  70
22  75  62  69   4   0   4 0.00  0.0    0  8.5 16 350   M    M   8        24 320
23  79  56  68   3   0   3 0.00  0.0    0  5.0 13 170   M    M   1        16 170
24  77  56  67   2   0   2 0.00  0.0    0  5.7 14 160   M    M   3 1      17 160
25  78  59  69   4   0   4 0.00  0.0    0  5.6 16 160   M    M   6 1      22 180
26  69  58  64  -1   1   0 0.17  0.0    0 11.4 29 350   M    M   7 13     36 350
27  79  46  63  -3   2   0 0.00  0.0    0  6.3 18 320   M    M   1        28 330
28  81  52  67   1   0   2 0.00  0.0    0  7.8 21 210   M    M   0        24 210
29  80  59  70   4   0   5 0.00  0.0    0 10.2 23 200   M    M   4        29 180
30  82  60  71   5   0   6 0.00  0.0    0  5.7 15 200   M    M   4 1      20 210
31  83  61  72   6   0   7 0.01  0.0    0  7.8 17 190   M    M   6 12     25 200
================================================================================
SM 2224 1708       115  75  6.39     0.0 234.3          M      221
================================================================================
AV 71.7 55.1                               7.6 FASTST   M    M   7    MAX(MPH)
                                 MISC ---->  # 31 350               # 41   70
================================================================================
NOTES:
# LAST OF SEVERAL OCCURRENCES

COLUMN 17 PEAK WIND IN M.P.H.

PRELIMINARY LOCAL CLIMATOLOGICAL DATA (WS FORM: F-6) , PAGE 2

                                          STATION:  HOUSTON/HOBBY AIRPORT
                                          MONTH:    MARCH
                                          YEAR:     2015
                                          LATITUDE:   29 38 N
                                          LONGITUDE:  95 17 W

[TEMPERATURE DATA]      [PRECIPITATION DATA]       SYMBOLS USED IN COLUMN 16

AVERAGE MONTHLY: 63.4   TOTAL FOR MONTH:   6.39    1 = FOG OR MIST
DPTR FM NORMAL:   0.1   DPTR FM NORMAL:    3.19    2 = FOG REDUCING VISIBILITY
HIGHEST:    83 ON 31    GRTST 24HR  1.72 ON  9- 9      TO 1/4 MILE OR LESS
LOWEST:     33 ON  6                               3 = THUNDER
                        SNOW, ICE PELLETS, HAIL    4 = ICE PELLETS
                        TOTAL MONTH:   0.0 INCH    5 = HAIL
                        GRTST 24HR     0.0         6 = FREEZING RAIN OR DRIZZLE
                        GRTST DEPTH:   0           7 = DUSTSTORM OR SANDSTORM:
                                                       VSBY 1/2 MILE OR LESS
                                                   8 = SMOKE OR HAZE
[NO. OF DAYS WITH]      [WEATHER - DAYS WITH]      9 = BLOWING SNOW
                                                   X = TORNADO
MAX 32 OR BELOW:   0    0.01 INCH OR MORE:  12
MAX 90 OR ABOVE:   0    0.10 INCH OR MORE:   9
MIN 32 OR BELOW:   0    0.50 INCH OR MORE:   5
MIN  0 OR BELOW:   0    1.00 INCH OR MORE:   2

[HDD (BASE 65) ]
TOTAL THIS MO.   115    CLEAR  (SCALE 0-3)   4
DPTR FM NORMAL    -6    PTCLDY (SCALE 4-7)  13
TOTAL FM JUL 1  1300    CLOUDY (SCALE 8-10) 14
DPTR FM NORMAL   109

[CDD (BASE 65) ]
TOTAL THIS MO.    75
DPTR FM NORMAL     6    [PRESSURE DATA]
TOTAL FM JAN 1    85    HIGHEST SLP 30.63 ON  6
DPTR FM NORMAL   -22    LOWEST  SLP 29.81 ON  4

[REMARKS]
#FINAL-03-15#
