000
CXUS53 KUNR 170945
CF6IEN
PRELIMINARY LOCAL CLIMATOLOGICAL DATA (WS FORM: F-6)

                                          STATION:   PINE RIDGE SD
                                          MONTH:     APRIL
                                          YEAR:      2015
                                          LATITUDE:   43  1 N
                                          LONGITUDE: 102 31 W

  TEMPERATURE IN F:       :PCPN:    SNOW:  WIND      :SUNSHINE: SKY     :PK WND
================================================================================
1   2   3   4   5  6A  6B    7    8   9   10  11  12  13   14  15   16   17  18
                                     12Z  AVG MX 2MIN
DY MAX MIN AVG DEP HDD CDD  WTR  SNW DPTH SPD SPD DIR MIN PSBL S-S WX    SPD DR
================================================================================

 1  66  29  48   6  17   0 0.00    M    M 10.9 25  10   M    M   1 8      31  20
 2  48  20  34  -8  31   0 0.00    M    M  8.0 26  30   M    M   6 8      31  10
 3  53  11  32 -10  33   0 0.00    M    M  7.9 28 270   M    M   1        36 290
 4  64  15  40  -2  25   0 0.00    M    M  6.6 18 280   M    M   0        24 270
 5  71  21  46   3  19   0 0.00    M    M  7.3 21  80   M    M   0        27  80
 6  47  26  37  -6  28   0 0.00    M    M  9.8 18  80   M    M   5 1      24  50
 7  47  34  41  -2  24   0 0.01    M    M  4.9 13  80   M    M  10 13     16  80
 8  48  36  42  -1  23   0 0.01    M    M 11.5 20  80   M    M  10 18     24  80
 9  52  21  37  -7  28   0 0.03    M    M  8.9 18 350   M    M   6 1      28 350
10  67  18  43  -1  22   0 0.00    M    M  6.3 25 180   M    M   0        33 180
11  77  41  59  15   6   0 0.00    M    M 12.6 25 180   M    M   0        34 240
12  54  22  38  -6  27   0    T    M    M  8.6 21  10   M    M   1        31  20
13  67  18  43  -2  22   0 0.00    M    M  5.7 24 180   M    M   0        32 180
14  77  47  62  17   3   0 0.00    M    M 25.6 38 170   M    M   0        51 160
15  61  42  52   7  13   0 0.37    M    M 16.1 40 170   M    M   6 13     52 170
16  57  38  48   2  17   0 0.13    M    M  8.6 21 360   M    M   8 13     25  20
================================================================================
SM  956  439       338   0  0.55    M    159.3          M       54
================================================================================
AV 59.8 27.4                              10.0 FASTST   M    M   3    MAX(MPH)
                                 MISC ---->  # 40 170               # 52  170
================================================================================
NOTES:
# LAST OF SEVERAL OCCURRENCES

COLUMN 17 PEAK WIND IN M.P.H.

PRELIMINARY LOCAL CLIMATOLOGICAL DATA (WS FORM: F-6) , PAGE 2

                                          STATION:  PINE RIDGE SD
                                          MONTH:    APRIL
                                          YEAR:     2015
                                          LATITUDE:   43  1 N
                                          LONGITUDE: 102 31 W

[TEMPERATURE DATA]      [PRECIPITATION DATA]       SYMBOLS USED IN COLUMN 16

AVERAGE MONTHLY: 43.6   TOTAL FOR MONTH:   0.55    1 = FOG OR MIST
DPTR FM NORMAL:   0.0   DPTR FM NORMAL:   -0.34    2 = FOG REDUCING VISIBILITY
HIGHEST:    77 ON 14,11 GRTST 24HR  0.50 ON 15-16      TO 1/4 MILE OR LESS
LOWEST:     11 ON  3                               3 = THUNDER
                        SNOW, ICE PELLETS, HAIL    4 = ICE PELLETS
                        TOTAL MONTH:    M          5 = HAIL
                        GRTST 24HR    M  ON   M    6 = FREEZING RAIN OR DRIZZLE
                        GRTST DEPTH:  M  ON   M    7 = DUSTSTORM OR SANDSTORM:
                                                       VSBY 1/2 MILE OR LESS
                                                   8 = SMOKE OR HAZE
[NO. OF DAYS WITH]      [WEATHER - DAYS WITH]      9 = BLOWING SNOW
                                                   X = TORNADO
MAX 32 OR BELOW:   0    0.01 INCH OR MORE:   5
MAX 90 OR ABOVE:   0    0.10 INCH OR MORE:   2
MIN 32 OR BELOW:  10    0.50 INCH OR MORE:   0
MIN  0 OR BELOW:   0    1.00 INCH OR MORE:   0

[HDD (BASE 65) ]
TOTAL THIS MO.   338    CLEAR  (SCALE 0-3)   9
DPTR FM NORMAL    -5    PTCLDY (SCALE 4-7)   5
TOTAL FM JUL 1  6255    CLOUDY (SCALE 8-10)  2
DPTR FM NORMAL  -326

[CDD (BASE 65) ]
TOTAL THIS MO.     0
DPTR FM NORMAL     0    [PRESSURE DATA]
TOTAL FM JAN 1     0    HIGHEST SLP M ON M
DPTR FM NORMAL     0    LOWEST  SLP 29.25 ON 12

[REMARKS]
