000
CXUS55 KLBF 011309
CF6IML
PRELIMINARY LOCAL CLIMATOLOGICAL DATA (WS FORM: F-6)

                                          STATION:   IMPERIAL NE
                                          MONTH:     MARCH
                                          YEAR:      2015
                                          LATITUDE:   40 31 N
                                          LONGITUDE: 101 37 W

  TEMPERATURE IN F:       :PCPN:    SNOW:  WIND      :SUNSHINE: SKY     :PK WND
================================================================================
1   2   3   4   5  6A  6B    7    8   9   10  11  12  13   14  15   16   17  18
                                     12Z  AVG MX 2MIN
DY MAX MIN AVG DEP HDD CDD  WTR  SNW DPTH SPD SPD DIR MIN PSBL S-S WX    SPD DR
================================================================================

 1  38  13  26  -9  39   0 0.00    M    M  4.7 15 360   M    M   0        19  20
 2  33  24  29  -7  36   0 0.00    M    M 15.7 29 170   M    M   0 18     36 170
 3  32  17  25 -11  40   0 0.02    M    M 15.3 36  10   M    M   0 18     43 360
 4  30  11  21 -15  44   0 0.01    M    M  7.9 21 330   M    M   0 1      25 320
 5  48   4  26 -11  39   0 0.00    M    M  8.7 23 280   M    M   0        29 290
 6  61  25  43   6  22   0 0.00    M    M 11.4 18 320   M    M   0        24 280
 7  64  29  47  10  18   0 0.00    M    M  7.7 15 210   M    M   0        18 180
 8  58  27  43   5  22   0 0.00    M    M 10.0 21  30   M    M   0        27  20
 9  67  24  46   8  19   0 0.00    M    M  8.2 22 210   M    M   0        29 210
10  68  29  49  11  16   0 0.00    M    M  7.0 15  10   M    M   0 8      19 340
11  73  23  48  10  17   0 0.00    M    M  8.1 20 170   M    M   0 8      25 170
12  73  35  54  15  11   0 0.00    M    M  8.5 15  30   M    M   0        20  20
13  68  36  52  13  13   0 0.00    M    M 13.7 24  10   M    M   0        30  10
14  66  28  47   8  18   0 0.00    M    M  9.8 20 200   M    M   0        26 200
15  85  38  62  22   3   0 0.00    M    M 10.2 17 210   M    M   0        22 220
16  89  33  61  21   4   0 0.00    M    M 16.2 43  30   M    M   0 8      52  30
17  49  28  39  -1  26   0 0.00    M    M 12.3 26  30   M    M   0        33  30
18  59  26  43   2  22   0 0.00    M    M 11.8 22 180   M    M   0        28 160
19  63  33  48   7  17   0    T    M    M  8.2 22  10   M    M   0 8      27 340
20  72  26  49   8  16   0 0.00    M    M  7.6 20 250   M    M   0 8      28 250
21  74  29  52  11  13   0 0.00    M    M  8.8 21 170   M    M   0        29 200
22  71  33  52  10  13   0 0.00    M    M 11.7 30  10   M    M   0        39 360
23  63  36  50   8  15   0 0.07    M    M 11.5 28 150   M    M   0        36 150
24  65  35  50   8  15   0 0.00    M    M 12.3 29 310   M    M   0        36 310
25  51  29  40  -2  25   0 0.04    M    M 10.6 28  20   M    M   0 1      31  10
26  60  19  40  -3  25   0 0.00    M    M 12.3 36 320   M    M   0        44 320
27  71  32  52   9  13   0 0.02    M    M  9.9 26 350   M    M   0 1      33 340
28  82  32  57  14   8   0 0.00    M    M  9.8 30 310   M    M   0 8      44 320
29  69  39  54  11  11   0 0.00    M    M 14.3 35 340   M    M   0        43 340
30  77  30  54  10  11   0 0.00    M    M  8.3 22 340   M    M   0        27 350
31  81  33  57  13   8   0 0.00    M    M  7.9 21 180   M    M   0        26 170
================================================================================
SM 1960  856       599   0  0.16    M    320.4          M        0
================================================================================
AV 63.2 27.6                              10.3 FASTST   M    M   0    MAX(MPH)
                                 MISC ---->  # 43  30               # 52   30
================================================================================
NOTES:
# LAST OF SEVERAL OCCURRENCES

COLUMN 17 PEAK WIND IN M.P.H.

PRELIMINARY LOCAL CLIMATOLOGICAL DATA (WS FORM: F-6) , PAGE 2

                                          STATION:  IMPERIAL NE
                                          MONTH:    MARCH
                                          YEAR:     2015
                                          LATITUDE:   40 31 N
                                          LONGITUDE: 101 37 W

[TEMPERATURE DATA]      [PRECIPITATION DATA]       SYMBOLS USED IN COLUMN 16

AVERAGE MONTHLY: 45.4   TOTAL FOR MONTH:   0.16    1 = FOG OR MIST
DPTR FM NORMAL:   5.6   DPTR FM NORMAL:   -0.91    2 = FOG REDUCING VISIBILITY
HIGHEST:    89 ON 16    GRTST 24HR  0.07 ON 23-23      TO 1/4 MILE OR LESS
LOWEST:      4 ON  5                               3 = THUNDER
                        SNOW, ICE PELLETS, HAIL    4 = ICE PELLETS
                        TOTAL MONTH:    M          5 = HAIL
                        GRTST 24HR    M  ON   M    6 = FREEZING RAIN OR DRIZZLE
                        GRTST DEPTH:  M  ON   M    7 = DUSTSTORM OR SANDSTORM:
                                                       VSBY 1/2 MILE OR LESS
                                                   8 = SMOKE OR HAZE
[NO. OF DAYS WITH]      [WEATHER - DAYS WITH]      9 = BLOWING SNOW
                                                   X = TORNADO
MAX 32 OR BELOW:   2    0.01 INCH OR MORE:   5
MAX 90 OR ABOVE:   0    0.10 INCH OR MORE:   0
MIN 32 OR BELOW:  21    0.50 INCH OR MORE:   0
MIN  0 OR BELOW:   0    1.00 INCH OR MORE:   0

[HDD (BASE 65) ]
TOTAL THIS MO.   599    CLEAR  (SCALE 0-3)  31
DPTR FM NORMAL  -181    PTCLDY (SCALE 4-7)   0
TOTAL FM JUL 1  5048    CLOUDY (SCALE 8-10)  0
DPTR FM NORMAL  -321

[CDD (BASE 65) ]
TOTAL THIS MO.     0
DPTR FM NORMAL     0    [PRESSURE DATA]
TOTAL FM JAN 1     0    HIGHEST SLP 30.56 ON 17
DPTR FM NORMAL     0    LOWEST  SLP 29.62 ON  3

[REMARKS]
#FINAL-03-15#
