000
CXUS54 KSHV 271300
CF6LFK
PRELIMINARY LOCAL CLIMATOLOGICAL DATA (WS FORM: F-6)

                                          STATION:   LUFKIN
                                          MONTH:     APRIL
                                          YEAR:      2015
                                          LATITUDE:   31 14 N
                                          LONGITUDE:  94 45 W

  TEMPERATURE IN F:       :PCPN:    SNOW:  WIND      :SUNSHINE: SKY     :PK WND
================================================================================
1   2   3   4   5  6A  6B    7    8   9   10  11  12  13   14  15   16   17  18
                                     12Z  AVG MX 2MIN
DY MAX MIN AVG DEP HDD CDD  WTR  SNW DPTH SPD SPD DIR MIN PSBL S-S WX    SPD DR
================================================================================

 1  85  67  76  13   0  11 0.01  0.0    0  8.0 18 170   M    M   6 138    24 170
 2  87  69  78  15   0  13 0.00  0.0    0 10.2 21 200   M    M   7 18     27 200
 3  86  69  78  14   0  13    T  0.0    0  8.8 18 360   M    M   8 18     26 350
 4  75  56  66   2   0   1 0.21  0.0    0  7.1 17  70   M    M   4 3      25  30
 5  64  53  59  -5   6   0 1.36  0.0    0  7.7 16 110   M    M   8 138    21 110
 6  84  64  74  10   0   9 0.00  0.0    0  9.4 35 140   M    M   6 18     42 140
 7  88  68  78  14   0  13 0.00  0.0    0  9.2 15 200   M    M   4 8      22 200
 8  87  70  79  14   0  14 0.00  0.0    0 10.1 20 160   M    M   5 18     28 170
 9  85  73  79  14   0  14    T  0.0    0  8.8 18 160   M    M   7 8      27 170
10  74  59  67   2   0   2 0.46  0.0    0  5.8  9  20   M    M   4 3       M  M
11  83  57  70   5   0   5    T  0.0    0  5.1 10  80   M    M   5        14  70
12  83  69  76  10   0  11    T  0.0    0  7.2 12 170   M    M   8 3       M  M
13  85  71  78  12   0  13 0.11  0.0    0  5.8 12 240   M    M   7 13     17 220
14  73  64  69   3   0   4 0.05  0.0    0  3.7 12 270   M    M   9 128    16 290
15  81  57  69   3   0   4 0.00  0.0    0  3.0 10 150   M    M   1 18     16 140
16  82  63  73   6   0   8 0.54  0.0    0  5.9 22 120   M    M   8 138    27 110
17  82  64  73   6   0   8 0.13  0.0    0  4.0 26 130   M    M   6 18     31 130
18  81  63  72   5   0   7 0.31    M    M  4.6  7 140   M    M   5 138     M  M
19  87  60  74   7   0   9 0.02  0.0    0  5.6 16 210   M    M   4 123    23 250
20  75  56  66  -2   0   1 0.00  0.0    0  5.8 18  10   M    M   0        24  10
21  81  57  69   1   0   4 0.00  0.0    0  6.2 14 140   M    M   5        17  80
22  88  59  74   6   0   9 0.01  0.0    0  3.9 12 180   M    M   5 13     15 160
23  87  71  79  11   0  14 0.12  0.0    0  3.7 13  90   M    M   6 18     15  90
24  82  72  77   8   0  12 0.26  0.0    0  8.0 21 130   M    M   7 138    27 150
25  91  71  81  12   0  16 0.09  0.0    0  6.0 14 220   M    M   4 138    18 200
26  86  69  78   9   0  13 0.00  0.0    0  5.9 14 130   M    M   5 128    17 100
================================================================================
SM 2142 1671         6 228  3.68     0.0 169.5          M      144
================================================================================
AV 82.4 64.3                               6.5 FASTST   M    M   6    MAX(MPH)
                                 MISC ---->  # 35 140               # 42  140
================================================================================
NOTES:
# LAST OF SEVERAL OCCURRENCES

COLUMN 17 PEAK WIND IN M.P.H.

PRELIMINARY LOCAL CLIMATOLOGICAL DATA (WS FORM: F-6) , PAGE 2

                                          STATION:  LUFKIN
                                          MONTH:    APRIL
                                          YEAR:     2015
                                          LATITUDE:   31 14 N
                                          LONGITUDE:  94 45 W

[TEMPERATURE DATA]      [PRECIPITATION DATA]       SYMBOLS USED IN COLUMN 16

AVERAGE MONTHLY: 73.3   TOTAL FOR MONTH:   3.68    1 = FOG OR MIST
DPTR FM NORMAL:   7.3   DPTR FM NORMAL:    1.06    2 = FOG REDUCING VISIBILITY
HIGHEST:    91 ON 25    GRTST 24HR  1.36 ON  5- 5      TO 1/4 MILE OR LESS
LOWEST:     53 ON  5                               3 = THUNDER
                        SNOW, ICE PELLETS, HAIL    4 = ICE PELLETS
                        TOTAL MONTH:   0.0 INCH    5 = HAIL
                        GRTST 24HR     0.0         6 = FREEZING RAIN OR DRIZZLE
                        GRTST DEPTH:   0           7 = DUSTSTORM OR SANDSTORM:
                                                       VSBY 1/2 MILE OR LESS
                                                   8 = SMOKE OR HAZE
[NO. OF DAYS WITH]      [WEATHER - DAYS WITH]      9 = BLOWING SNOW
                                                   X = TORNADO
MAX 32 OR BELOW:   0    0.01 INCH OR MORE:  14
MAX 90 OR ABOVE:   1    0.10 INCH OR MORE:   9
MIN 32 OR BELOW:   0    0.50 INCH OR MORE:   2
MIN  0 OR BELOW:   0    1.00 INCH OR MORE:   1

[HDD (BASE 65) ]
TOTAL THIS MO.     6    CLEAR  (SCALE 0-3)   2
DPTR FM NORMAL   -60    PTCLDY (SCALE 4-7)  23
TOTAL FM JUL 1  1688    CLOUDY (SCALE 8-10)  1
DPTR FM NORMAL  -222

[CDD (BASE 65) ]
TOTAL THIS MO.   228
DPTR FM NORMAL   133    [PRESSURE DATA]
TOTAL FM JAN 1   293    HIGHEST SLP M ON M
DPTR FM NORMAL   138    LOWEST  SLP 29.61 ON 26

[REMARKS]
