000
CXUS53 KDMX 240920
CF6LWD
PRELIMINARY LOCAL CLIMATOLOGICAL DATA (WS FORM: F-6)

                                          STATION:   LAMONI IA
                                          MONTH:     APRIL
                                          YEAR:      2015
                                          LATITUDE:   40 37 N
                                          LONGITUDE:  93 56 W

  TEMPERATURE IN F:       :PCPN:    SNOW:  WIND      :SUNSHINE: SKY     :PK WND
================================================================================
1   2   3   4   5  6A  6B    7    8   9   10  11  12  13   14  15   16   17  18
                                     12Z  AVG MX 2MIN
DY MAX MIN AVG DEP HDD CDD  WTR  SNW DPTH SPD SPD DIR MIN PSBL S-S WX    SPD DR
================================================================================

 1  80  48  64  17   1   0 0.00  0.0    0 16.1 29 170   M    M   0        39 180
 2  69  51  60  13   5   0 0.39  0.0    0 10.5 25 290   M    M   4 13     30 290
 3  53  33  43  -5  22   0 0.01  0.0    0 14.3 29 310   M    M   4        35 320
 4  64  31  48   0  17   0 0.00  0.0    0 14.6 26 220   M    M   1        32 240
 5  68  40  54   6  11   0 0.00  0.0    0 14.0 23 200   M    M   2        30 180
 6  57  49  53   4  12   0 0.05  0.0    0  6.9 20  90   M    M  10 1238   24  90
 7  63  51  57   8   8   0 0.04  0.0    0 10.4 16  90   M    M   9 128    22 100
 8  63  48  56   7   9   0 0.04  0.0    0  9.5 20  50   M    M  10 1238   24  40
 9  74  39  57   7   8   0 0.33  0.0    0 17.1 35 310   M    M   6 13     42 310
10  64  39  52   2  13   0 0.00  0.0    0 13.6 28 310   M    M   0        33 290
11  73  41  57   7   8   0 0.00  0.0    0  9.6 21 180   M    M   0        26 190
12  70  53  62  11   3   0 0.64  0.0    0 12.2 33 290   M    M   5 13     39 290
13  67  48  58   7   7   0 0.20  0.0    0  9.6 24 340   M    M   1 13     32 330
14  69  42  56   5   9   0 0.00  0.0    0  5.9 13  90   M    M   0        19 140
15  66  51  59   7   6   0    T  0.0    0  7.1 14 150   M    M   8        20 120
16  74  53  64  12   1   0 0.00  0.0    0  3.4  8 170   M    M   5        11 170
17  79  53  66  14   0   1    T  0.0    0  3.9 10 110   M    M   3 1      13 110
18  73  58  66  14   0   1 0.38  0.0    0  4.9 24 210   M    M   8 1238   31 210
19  67  48  58   5   7   0 0.39  0.0    0 12.1 30 340   M    M  10 1238   37 340
20  57  42  50  -3  15   0 0.00  0.0    0 19.1 32 290   M    M   5        42 290
21  64  38  51  -2  14   0 0.00  0.0    0 14.8 28 300   M    M   4        36 300
22  56  30  43 -11  22   0 0.00  0.0    0 11.5 21 300   M    M   0        28 340
23  62  35  49  -5  16   0 0.00  0.0    M  4.2 12  10   M    M   3        16 360
================================================================================
SM 1532 1021       214   2  2.47     0.0 245.3          M       98
================================================================================
AV 66.6 44.4                              10.7 FASTST   M    M   4    MAX(MPH)
                                 MISC ---->  # 35 310               # 42  310
================================================================================
NOTES:
# LAST OF SEVERAL OCCURRENCES

COLUMN 17 PEAK WIND IN M.P.H.

PRELIMINARY LOCAL CLIMATOLOGICAL DATA (WS FORM: F-6) , PAGE 2

                                          STATION:  LAMONI IA
                                          MONTH:    APRIL
                                          YEAR:     2015
                                          LATITUDE:   40 37 N
                                          LONGITUDE:  93 56 W

[TEMPERATURE DATA]      [PRECIPITATION DATA]       SYMBOLS USED IN COLUMN 16

AVERAGE MONTHLY: 55.5   TOTAL FOR MONTH:   2.47    1 = FOG OR MIST
DPTR FM NORMAL:   4.9   DPTR FM NORMAL:   -0.10    2 = FOG REDUCING VISIBILITY
HIGHEST:    80 ON  1    GRTST 24HR  0.82 ON 12-13      TO 1/4 MILE OR LESS
LOWEST:     30 ON 22                               3 = THUNDER
                        SNOW, ICE PELLETS, HAIL    4 = ICE PELLETS
                        TOTAL MONTH:   0.0 INCH    5 = HAIL
                        GRTST 24HR     0.0         6 = FREEZING RAIN OR DRIZZLE
                        GRTST DEPTH:   0           7 = DUSTSTORM OR SANDSTORM:
                                                       VSBY 1/2 MILE OR LESS
                                                   8 = SMOKE OR HAZE
[NO. OF DAYS WITH]      [WEATHER - DAYS WITH]      9 = BLOWING SNOW
                                                   X = TORNADO
MAX 32 OR BELOW:   0    0.01 INCH OR MORE:  10
MAX 90 OR ABOVE:   0    0.10 INCH OR MORE:   6
MIN 32 OR BELOW:   2    0.50 INCH OR MORE:   1
MIN  0 OR BELOW:   0    1.00 INCH OR MORE:   0

[HDD (BASE 65) ]
TOTAL THIS MO.   214    CLEAR  (SCALE 0-3)  10
DPTR FM NORMAL  -121    PTCLDY (SCALE 4-7)   8
TOTAL FM JUL 1  5729    CLOUDY (SCALE 8-10)  5
DPTR FM NORMAL   -95

[CDD (BASE 65) ]
TOTAL THIS MO.     2
DPTR FM NORMAL     2    [PRESSURE DATA]
TOTAL FM JAN 1     2    HIGHEST SLP M ON M
DPTR FM NORMAL     1    LOWEST  SLP 29.50 ON  9

[REMARKS]
