000
CXUS51 KPHI 280800
CF6MPO
PRELIMINARY LOCAL CLIMATOLOGICAL DATA (WS FORM: F-6)

                                          STATION:   MOUNT POCONO PA
                                          MONTH:     APRIL
                                          YEAR:      2015
                                          LATITUDE:   41  8 N
                                          LONGITUDE:  75 24 W

  TEMPERATURE IN F:       :PCPN:    SNOW:  WIND      :SUNSHINE: SKY     :PK WND
================================================================================
1   2   3   4   5  6A  6B    7    8   9   10  11  12  13   14  15   16   17  18
                                     12Z  AVG MX 2MIN
DY MAX MIN AVG DEP HDD CDD  WTR  SNW DPTH SPD SPD DIR MIN PSBL S-S WX    SPD DR
================================================================================

 1  42  25  34  -5  31   0 0.00    M    M  9.3 21 320   M    M   1        29 320
 2  57  25  41   1  24   0 0.01    M    M 11.0 24 210   M    M   2        29 210
 3  58  48  53  13  12   0 0.19    M    M  6.5 15 250   M    M   8 128    20 260
 4  53  32  43   2  22   0 0.23    M    M 18.9 33 320   M    M   5 1      52 310
 5  52  32  42   1  23   0    T    M    M 10.2 29 270   M    M   7        39 290
 6  65  26  46   4  19   0 0.00    M    M  6.1 23 220   M    M   3        29 210
 7  54  38  46   4  19   0 0.15    M    M  6.4 15 100   M    M  10 12     21  80
 8  39  32  36  -6  29   0 0.01    M    M 14.7 24 120   M    M  10 128    32 120
 9  36  32  34  -9  31   0 0.02    M    M 11.0 24 120   M    M  10 12     31 130
10  52  34  43   0  22   0 0.12    M    M 10.4 21 300   M    M   8 12     30 290
11  48  37  43  -1  22   0 0.00    M    M 14.3 28 310   M    M   4        36 290
12  65  35  50   6  15   0 0.00    M    M  7.1 16 330   M    M   0        22 320
13  70  43  57  13   8   0 0.00    M    M  9.8 23 170   M    M   0        32 160
14  59  44  52   7  13   0 0.12    M    M  8.8 17 360   M    M   4        23 320
15  61  41  51   6  14   0 0.00    M    M  9.5 21  20   M    M   0        28  20
16  62  33  48   2  17   0    T    M    M  9.4 20 170   M    M   1        26 170
17  64  46  55   9  10   0 0.14    M    M  9.8 20 270   M    M   8 1      25 280
18  74  39  57  11   8   0 0.00    M    M 11.1 22 340   M    M   1 1      30 300
19  62  39  51   4  14   0 0.01    M    M 11.5 20 140   M    M   1        23 140
20  54  38  46  -1  19   0 1.45    M    M 12.3 39 280   M    M  10 123    55 280
21  55  40  48   0  17   0 0.37    M    M 12.6 29 270   M    M   6 12     39 300
22  58  34  46  -2  19   0 0.31    M    M 12.1 28 280   M    M   5 13     41 260
23  40  30  35 -13  30   0 0.01    M    M 14.0 29 280   M    M   9        40 280
24  44  29  37 -12  28   0    T    M    M 16.5 29 290   M    M   4        39 290
25  52  28  40  -9  25   0 0.00    M    M  9.8 20 310   M    M   0        26 310
26  53  32  43  -6  22   0 0.00    M    M  8.4 17 360   M    M   5        27 290
27  50  39  45  -5  20   0    T    M    M 12.5 22 330   M    M  10        31 320
================================================================================
SM 1479  951       533   0  3.14    M    294.0          M      132
================================================================================
AV 54.8 35.2                              10.9 FASTST   M    M   5    MAX(MPH)
                                 MISC ---->  # 39 280               # 55  280
================================================================================
NOTES:
# LAST OF SEVERAL OCCURRENCES

COLUMN 17 PEAK WIND IN M.P.H.

PRELIMINARY LOCAL CLIMATOLOGICAL DATA (WS FORM: F-6) , PAGE 2

                                          STATION:  MOUNT POCONO PA
                                          MONTH:    APRIL
                                          YEAR:     2015
                                          LATITUDE:   41  8 N
                                          LONGITUDE:  75 24 W

[TEMPERATURE DATA]      [PRECIPITATION DATA]       SYMBOLS USED IN COLUMN 16

AVERAGE MONTHLY: 45.0   TOTAL FOR MONTH:   3.14    1 = FOG OR MIST
DPTR FM NORMAL:   0.3   DPTR FM NORMAL:   -0.53    2 = FOG REDUCING VISIBILITY
HIGHEST:    74 ON 18    GRTST 24HR  1.68 ON 20-21      TO 1/4 MILE OR LESS
LOWEST:     25 ON  2, 1                            3 = THUNDER
                        SNOW, ICE PELLETS, HAIL    4 = ICE PELLETS
                        TOTAL MONTH:    M          5 = HAIL
                        GRTST 24HR    M  ON   M    6 = FREEZING RAIN OR DRIZZLE
                        GRTST DEPTH:  M  ON   M    7 = DUSTSTORM OR SANDSTORM:
                                                       VSBY 1/2 MILE OR LESS
                                                   8 = SMOKE OR HAZE
[NO. OF DAYS WITH]      [WEATHER - DAYS WITH]      9 = BLOWING SNOW
                                                   X = TORNADO
MAX 32 OR BELOW:   0    0.01 INCH OR MORE:  14
MAX 90 OR ABOVE:   0    0.10 INCH OR MORE:   9
MIN 32 OR BELOW:  11    0.50 INCH OR MORE:   1
MIN  0 OR BELOW:   0    1.00 INCH OR MORE:   1

[HDD (BASE 65) ]
TOTAL THIS MO.   533    CLEAR  (SCALE 0-3)   9
DPTR FM NORMAL   -18    PTCLDY (SCALE 4-7)  11
TOTAL FM JUL 1  7094    CLOUDY (SCALE 8-10)  7
DPTR FM NORMAL   445

[CDD (BASE 65) ]
TOTAL THIS MO.     0
DPTR FM NORMAL     0    [PRESSURE DATA]
TOTAL FM JAN 1     0    HIGHEST SLP M ON M
DPTR FM NORMAL     0    LOWEST  SLP 29.53 ON  4

[REMARKS]
