000
CXUS56 KSGX 261445
CF6MYF
PRELIMINARY LOCAL CLIMATOLOGICAL DATA (WS FORM: F-6)

                                          STATION:   SAN DIEGO/MONTGOMERY FLD CA
                                          MONTH:     APRIL
                                          YEAR:      2015
                                          LATITUDE:   32 49 N
                                          LONGITUDE: 117  9 W

  TEMPERATURE IN F:       :PCPN:    SNOW:  WIND      :SUNSHINE: SKY     :PK WND
================================================================================
1   2   3   4   5  6A  6B    7    8   9   10  11  12  13   14  15   16   17  18
                                     12Z  AVG MX 2MIN
DY MAX MIN AVG DEP HDD CDD  WTR  SNW DPTH SPD SPD DIR MIN PSBL S-S WX    SPD DR
================================================================================

 1  72  59  66   7   0   1 0.00  0.0    0  6.1 14 230   M    M   4        18 230
 2  70  55  63   4   2   0 0.00  0.0    0  5.5 14 270   M    M   3 8      19 220
 3  86  54  70  11   0   5 0.00  0.0    0  5.4 16 310   M    M   0        19 320
 4  81  53  67   8   0   2 0.00  0.0    0  4.8 15 230   M    M   1        20 240
 5  68  56  62   3   3   0 0.00  0.0    0  7.8 17 240   M    M   5        24 250
 6  66  53  60   1   5   0 0.00  0.0    0  6.9 16 310   M    M   3        24 290
 7  67  55  61   2   4   0 0.00  0.0    0  7.0 16 270   M    M   4        22 260
 8  68  54  61   2   4   0    T  0.0    0  7.7 17 310   M    M   2        28 270
 9  70  50  60   0   5   0 0.00  0.0    0  4.9 14 240   M    M   0        19 240
10  70  54  62   2   3   0 0.00  0.0    0  5.1 15 250   M    M   2        22 270
11  71  51  61   1   4   0 0.00  0.0    0  4.5 13 240   M    M   0        17 250
12  72  53  63   3   2   0 0.00  0.0    0  5.0 13 260   M    M   1        19 250
13  73  59  66   6   0   1 0.00  0.0    0  5.8 14 240   M    M   4        18 250
14  74  56  65   5   0   0 0.00  0.0    0  5.5 17 300   M    M   4        23 250
15  79  54  67   7   0   2 0.00  0.0    0  4.4 15 300   M    M   0 8      19 290
16  82  54  68   8   0   3 0.00  0.0    0  5.0 15 300   M    M   0 18     21 310
17  81  43  62   1   3   0 0.00    M    0  7.2 20 320   M    M   0        25 310
18  80  51  66   5   0   1 0.00  0.0    0  5.7 16 300   M    M   0        20 310
19  74  56  65   4   0   0 0.00  0.0    0  4.6 13 300   M    M   2 18     16 300
20  69  59  64   3   1   0 0.00  0.0    0  5.8 15 260   M    M   6 8      22 260
21  69  59  64   3   1   0 0.00  0.0    0  6.4 15 270   M    M   9        20 280
22  67  55  61   0   4   0    T  0.0    0  4.6 12 260   M    M   7        16 250
23  66  55  61  -1   4   0 0.05  0.0    0  5.9 15 240   M    M   9 1      20 260
24  65  58  62   0   3   0 0.01  0.0    0  6.5 14 260   M    M  10 18     17 260
25  66  58  62   0   3   0 0.01  0.0    0 11.1 23 260   M    M   9 18     29 270
================================================================================
SM 1806 1364        51  15  0.07     0.0 149.2          M       85
================================================================================
AV 72.2 54.6                               6.0 FASTST   M    M   3    MAX(MPH)
                                 MISC ---->  # 23 260               # 29  270
================================================================================
NOTES:
# LAST OF SEVERAL OCCURRENCES

COLUMN 17 PEAK WIND IN M.P.H.

PRELIMINARY LOCAL CLIMATOLOGICAL DATA (WS FORM: F-6) , PAGE 2

                                          STATION:  SAN DIEGO/MONTGOMERY FLD CA
                                          MONTH:    APRIL
                                          YEAR:     2015
                                          LATITUDE:   32 49 N
                                          LONGITUDE: 117  9 W

[TEMPERATURE DATA]      [PRECIPITATION DATA]       SYMBOLS USED IN COLUMN 16

AVERAGE MONTHLY: 63.4   TOTAL FOR MONTH:   0.07    1 = FOG OR MIST
DPTR FM NORMAL:   3.2   DPTR FM NORMAL:   -0.66    2 = FOG REDUCING VISIBILITY
HIGHEST:    86 ON  3    GRTST 24HR  0.06 ON 23-24      TO 1/4 MILE OR LESS
LOWEST:     43 ON 17                               3 = THUNDER
                        SNOW, ICE PELLETS, HAIL    4 = ICE PELLETS
                        TOTAL MONTH:   0.0 INCH    5 = HAIL
                        GRTST 24HR     0.0         6 = FREEZING RAIN OR DRIZZLE
                        GRTST DEPTH:   0           7 = DUSTSTORM OR SANDSTORM:
                                                       VSBY 1/2 MILE OR LESS
                                                   8 = SMOKE OR HAZE
[NO. OF DAYS WITH]      [WEATHER - DAYS WITH]      9 = BLOWING SNOW
                                                   X = TORNADO
MAX 32 OR BELOW:   0    0.01 INCH OR MORE:   3
MAX 90 OR ABOVE:   0    0.10 INCH OR MORE:   0
MIN 32 OR BELOW:   0    0.50 INCH OR MORE:   0
MIN  0 OR BELOW:   0    1.00 INCH OR MORE:   0

[HDD (BASE 65) ]
TOTAL THIS MO.    51    CLEAR  (SCALE 0-3)  13
DPTR FM NORMAL   -82    PTCLDY (SCALE 4-7)   8
TOTAL FM JUL 1   598    CLOUDY (SCALE 8-10)  4
DPTR FM NORMAL  -834

[CDD (BASE 65) ]
TOTAL THIS MO.    15
DPTR FM NORMAL     3    [PRESSURE DATA]
TOTAL FM JAN 1   130    HIGHEST SLP M ON M
DPTR FM NORMAL   109    LOWEST  SLP 29.81 ON 20

[REMARKS]
