000
CXUS55 KCAE 271400
CF6OGB
PRELIMINARY LOCAL CLIMATOLOGICAL DATA (WS FORM: F-6)

                                          STATION:   ORANGEBURG AIRPORT SC
                                          MONTH:     APRIL
                                          YEAR:      2015
                                          LATITUDE:   33 27 N
                                          LONGITUDE:  80 51 W

  TEMPERATURE IN F:       :PCPN:    SNOW:  WIND      :SUNSHINE: SKY     :PK WND
================================================================================
1   2   3   4   5  6A  6B    7    8   9   10  11  12  13   14  15   16   17  18
                                     12Z  AVG MX 2MIN
DY MAX MIN AVG DEP HDD CDD  WTR  SNW DPTH SPD SPD DIR MIN PSBL S-S WX    SPD DR
================================================================================

 1  76  55  66   6   0   1 0.06    M    M  7.8 17 260   M    M   2 18     23 260
 2  78  50  64   3   1   0 0.00    M    M  7.3 20 190   M    M   2        25 190
 3  85  61  73  12   0   8 0.00    M    M 11.7 15 210   M    M   1        25 240
 4  76  52  64   3   1   0    T    M    M 10.0 18  20   M    M   3        25  40
 5  73  44  59  -2   6   0 0.00    M    M  5.7 15  80   M    M   0        22  80
 6  79  56  68   7   0   3 0.00    M    M  4.5 14 170   M    M   3        18 150
 7  80  58  69   7   0   4 0.17    M    M  3.1 12  10   M    M   5 13     16  10
 8  88  64  76  14   0  11 0.15    M    M  5.3 12 190   M    M   1 13     16 190
 9  90  63  77  15   0  12 0.00    M    M  7.7 17 210   M    M   1 8      22 200
10  86  64  75  13   0  10 0.00    M    M  9.4 22 230   M    M   3        29 240
11  78  57  68   6   0   3 0.08    M    M  4.1 12  50   M    M   5 1      15  30
12  75  54  65   2   0   0 0.00    M    M  6.0 14  80   M    M   3 18     20  80
13  74  65  70   7   0   5 0.15    M    M  5.5 13 100   M    M  10 1      18 120
14  83  68  76  13   0  11    T    M    M  7.1 17 240   M    M   7 1      22 230
15  73  59  66   3   0   1 0.33    M    M  6.4 16  30   M    M   8 138    21  30
16  59  50  55  -9  10   0 0.06    M    M  8.9 16  20   M    M  10 18     22  30
17  73  57  65   1   0   0 0.03    M    M  4.2  9  20   M    M  10 18     15  30
18  76  65  71   7   0   6 0.38  0.0    0  4.0  8 110   M    M   9 1      11 110
19  74  63  69   5   0   4 1.28    M    M  5.5 25 240   M    M   9 13     32 250
20  75  64  70   6   0   5 0.00    M    M  9.8 18 210   M    M   5        25 200
21  76  54  65   0   0   0 0.00    M    M  6.9 20 260   M    M   1        25 250
22  81  49  65   0   0   0 0.00    M    M  7.6 22 270   M    M   0        28 270
23  80  55  68   3   0   3 0.00    M    M  8.1 21 270   M    M   0        28 260
24  73  48  61  -5   4   0 0.00    M    M  4.3 15  30   M    M   0        19  50
25  78  57  68   2   0   3 0.18    M    M  6.3 21 170   M    M   7 1      26 160
26  86  55  71   5   0   6    T    M    M 11.3 21 260   M    M   5 3      27 250
================================================================================
SM 2025 1487        22  96  2.87     0.0 178.5          M      110
================================================================================
AV 77.9 57.2                               6.9 FASTST   M    M   4    MAX(MPH)
                                 MISC ---->  # 25 240               # 32  250
================================================================================
NOTES:
# LAST OF SEVERAL OCCURRENCES

COLUMN 17 PEAK WIND IN M.P.H.

PRELIMINARY LOCAL CLIMATOLOGICAL DATA (WS FORM: F-6) , PAGE 2

                                          STATION:  ORANGEBURG AIRPORT SC
                                          MONTH:    APRIL
                                          YEAR:     2015
                                          LATITUDE:   33 27 N
                                          LONGITUDE:  80 51 W

[TEMPERATURE DATA]      [PRECIPITATION DATA]       SYMBOLS USED IN COLUMN 16

AVERAGE MONTHLY: 67.5   TOTAL FOR MONTH:   2.87    1 = FOG OR MIST
DPTR FM NORMAL:   4.5   DPTR FM NORMAL:    0.28    2 = FOG REDUCING VISIBILITY
HIGHEST:    90 ON  9    GRTST 24HR  1.28 ON 19-19      TO 1/4 MILE OR LESS
LOWEST:     44 ON  5                               3 = THUNDER
                        SNOW, ICE PELLETS, HAIL    4 = ICE PELLETS
                        TOTAL MONTH:   0.0 INCH    5 = HAIL
                        GRTST 24HR     0.0         6 = FREEZING RAIN OR DRIZZLE
                        GRTST DEPTH:   0           7 = DUSTSTORM OR SANDSTORM:
                                                       VSBY 1/2 MILE OR LESS
                                                   8 = SMOKE OR HAZE
[NO. OF DAYS WITH]      [WEATHER - DAYS WITH]      9 = BLOWING SNOW
                                                   X = TORNADO
MAX 32 OR BELOW:   0    0.01 INCH OR MORE:  11
MAX 90 OR ABOVE:   1    0.10 INCH OR MORE:   7
MIN 32 OR BELOW:   0    0.50 INCH OR MORE:   1
MIN  0 OR BELOW:   0    1.00 INCH OR MORE:   1

[HDD (BASE 65) ]
TOTAL THIS MO.    22    CLEAR  (SCALE 0-3)  13
DPTR FM NORMAL   -80    PTCLDY (SCALE 4-7)   8
TOTAL FM JUL 1  2304    CLOUDY (SCALE 8-10)  5
DPTR FM NORMAL    -7

[CDD (BASE 65) ]
TOTAL THIS MO.    96
DPTR FM NORMAL    45    [PRESSURE DATA]
TOTAL FM JAN 1   122    HIGHEST SLP M ON M
DPTR FM NORMAL    51    LOWEST  SLP 29.54 ON 26

[REMARKS]
