000
CXUS55 KALY 250710
CF6POU
PRELIMINARY LOCAL CLIMATOLOGICAL DATA (WS FORM: F-6)

                                          STATION:   POUGHKEEPSIE NY
                                          MONTH:     APRIL
                                          YEAR:      2015
                                          LATITUDE:   41 37 N
                                          LONGITUDE:  73 53 W

  TEMPERATURE IN F:       :PCPN:    SNOW:  WIND      :SUNSHINE: SKY     :PK WND
================================================================================
1   2   3   4   5  6A  6B    7    8   9   10  11  12  13   14  15   16   17  18
                                     12Z  AVG MX 2MIN
DY MAX MIN AVG DEP HDD CDD  WTR  SNW DPTH SPD SPD DIR MIN PSBL S-S WX    SPD DR
================================================================================

 1  52  24  38  -5  27   0    T    M    M  4.3 16 340   M    M   1 1      20 350
 2  67  24  46   3  19   0    T    M    M  5.8 21 220   M    M   2        29 210
 3  65  54  60  16   5   0 0.45    M    M  3.2  9 250   M    M  10 128    11 220
 4  54  37  46   2  19   0 0.15    M    M 11.5 26 290   M    M   4 12     39 320
 5  48  31  40  -5  25   0    T    M    M  6.5 18 290   M    M   6        24 260
 6  66  30  48   3  17   0 0.00    M    M  3.7 14 220   M    M   3 12     20 230
 7  51  43  47   2  18   0 0.21    M    M  4.7 12 330   M    M  10 18     16 330
 8  43  37  40  -6  25   0 0.18    M    M  6.7 13  80   M    M  10 18     19  70
 9  42  36  39  -7  26   0    T    M    M  5.4 13 110   M    M   9 1      16 100
10  54  39  47   0  18   0 0.24    M    M  4.7 14 240   M    M   9 138    17 240
11  55  32  44  -3  21   0 0.00    M    M  9.3 24 270   M    M   5 12     32 270
12  69  27  48   0  17   0 0.00    M    M  2.5 10 220   M    M   0        14 230
13  72  36  54   6  11   0 0.00    M    M  6.8 16 150   M    M   0        24 160
14  65  46  56   8   9   0 0.08    M    M  1.6 16 340   M    M   3 1      21 330
15  70  34  52   3  13   0 0.00    M    M  7.0 24  40   M    M   0        31  10
16  67  31  49   0  16   0 0.00    M    M  5.0 16 220   M    M   0        22 170
17  70  47  59  10   6   0 0.13    M    M  5.1 15 240   M    M   8 1      20 310
18  81  39  60  10   5   0 0.00    M    M  7.7 24 290   M    M   1 1      29 290
19  67  44  56   6   9   0 0.00    M    M  6.7 16  20   M    M   0        20 150
20  58  45  52   2  13   0 0.54    M    M  7.7 20 120   M    M   9 138    29 110
21  64  43  54   3  11   0 0.12    M    M  7.0 21 280   M    M   6 138    29 310
22  68  39  54   3  11   0 0.13    M    M  7.6 31 270   M    M   6        42 230
23  48  38  43  -9  22   0 0.00    M    M 12.1 22 290   M    M   6        32 290
24  45  34  40 -12  25   0 0.00    M    M 10.1 21 290   M    M   9        26 280
================================================================================
SM 1441  890       388   0  2.23    M    152.7          M      117
================================================================================
AV 60.0 37.1                               6.4 FASTST   M    M   5    MAX(MPH)
                                 MISC ---->  # 31 270               # 42  230
================================================================================
NOTES:
# LAST OF SEVERAL OCCURRENCES

COLUMN 17 PEAK WIND IN M.P.H.

PRELIMINARY LOCAL CLIMATOLOGICAL DATA (WS FORM: F-6) , PAGE 2

                                          STATION:  POUGHKEEPSIE NY
                                          MONTH:    APRIL
                                          YEAR:     2015
                                          LATITUDE:   41 37 N
                                          LONGITUDE:  73 53 W

[TEMPERATURE DATA]      [PRECIPITATION DATA]       SYMBOLS USED IN COLUMN 16

AVERAGE MONTHLY: 48.6   TOTAL FOR MONTH:   2.23    1 = FOG OR MIST
DPTR FM NORMAL:   1.0   DPTR FM NORMAL:   -0.78    2 = FOG REDUCING VISIBILITY
HIGHEST:    81 ON 18    GRTST 24HR  0.64 ON 20-21      TO 1/4 MILE OR LESS
LOWEST:     24 ON  2, 1                            3 = THUNDER
                        SNOW, ICE PELLETS, HAIL    4 = ICE PELLETS
                        TOTAL MONTH:    M          5 = HAIL
                        GRTST 24HR    M  ON   M    6 = FREEZING RAIN OR DRIZZLE
                        GRTST DEPTH:  M  ON   M    7 = DUSTSTORM OR SANDSTORM:
                                                       VSBY 1/2 MILE OR LESS
                                                   8 = SMOKE OR HAZE
[NO. OF DAYS WITH]      [WEATHER - DAYS WITH]      9 = BLOWING SNOW
                                                   X = TORNADO
MAX 32 OR BELOW:   0    0.01 INCH OR MORE:  10
MAX 90 OR ABOVE:   0    0.10 INCH OR MORE:   9
MIN 32 OR BELOW:   7    0.50 INCH OR MORE:   1
MIN  0 OR BELOW:   0    1.00 INCH OR MORE:   0

[HDD (BASE 65) ]
TOTAL THIS MO.   388    CLEAR  (SCALE 0-3)   9
DPTR FM NORMAL   -32    PTCLDY (SCALE 4-7)   8
TOTAL FM JUL 1  6074    CLOUDY (SCALE 8-10)  7
DPTR FM NORMAL   209

[CDD (BASE 65) ]
TOTAL THIS MO.     0
DPTR FM NORMAL     0    [PRESSURE DATA]
TOTAL FM JAN 1     0    HIGHEST SLP M ON M
DPTR FM NORMAL     0    LOWEST  SLP 29.53 ON 21

[REMARKS]
