000
CXUS55 KABQ 181000
CF6ROW
PRELIMINARY LOCAL CLIMATOLOGICAL DATA (WS FORM: F-6)

                                          STATION:   ROSWELL NM
                                          MONTH:     APRIL
                                          YEAR:      2015
                                          LATITUDE:   33 17 N
                                          LONGITUDE: 104 32 W

  TEMPERATURE IN F:       :PCPN:    SNOW:  WIND      :SUNSHINE: SKY     :PK WND
================================================================================
1   2   3   4   5  6A  6B    7    8   9   10  11  12  13   14  15   16   17  18
                                     12Z  AVG MX 2MIN
DY MAX MIN AVG DEP HDD CDD  WTR  SNW DPTH SPD SPD DIR MIN PSBL S-S WX    SPD DR
================================================================================

 1  86  46  66   9   0   1 0.00  0.0    0  7.1 22 250   M    M   1        27 260
 2  88  47  68  11   0   3 0.00  0.0    0  9.4 24 280   M    M   0        31 280
 3  66  45  56  -1   9   0 0.00  0.0    0  9.6 23 360   M    M   1 78     29  30
 4  63  39  51  -6  14   0 0.00  0.0    0  9.6 21 140   M    M   0        25 150
 5  83  39  61   3   4   0 0.00  0.0    0  6.9 24 270   M    M   0        30 270
 6  88  43  66   8   0   1 0.00  0.0    0 10.4 28 220   M    M   0        37 220
 7  89  42  66   8   0   1 0.00  0.0    0  8.5 23 200   M    M   0        32 250
 8  88  49  69  11   0   4 0.00  0.0    0 14.5 36 230   M    M   1        48 230
 9  76  45  61   2   4   0 0.00  0.0    0  7.9 20 340   M    M   0        24 340
10  74  45  60   1   5   0 0.00  0.0    0  8.6 21 150   M    M   1        26 130
11  87  46  67   8   0   2 0.00  0.0    0  8.1 24 200   M    M   0        32 200
12  78  53  66   6   0   1 0.11  0.0    0  9.7 29 280   M    M   7 1      35 280
13  59  45  52  -8  13   0 1.61  0.0    0 10.8 29  20   M    M   9 1      38  20
14  68  39  54  -6  11   0 0.00  0.0    0  7.8 20 160   M    M   0        25 150
15  81  45  63   3   2   0 0.00  0.0    0 13.2 31 190   M    M   0 1      39 180
16  78  50  64   3   1   0 0.00  0.0    0 17.3 33 240   M    M   2        40 240
17  74  42  58  -3   7   0 0.00  0.0    0  9.4 31 220   M    M   0        39 220
================================================================================
SM 1326  760        70  13  1.72     0.0 168.8          M       22
================================================================================
AV 78.0 44.7                               9.9 FASTST   M    M   1    MAX(MPH)
                                 MISC ---->  # 36 230               # 48  230
================================================================================
NOTES:
# LAST OF SEVERAL OCCURRENCES

COLUMN 17 PEAK WIND IN M.P.H.

PRELIMINARY LOCAL CLIMATOLOGICAL DATA (WS FORM: F-6) , PAGE 2

                                          STATION:  ROSWELL NM
                                          MONTH:    APRIL
                                          YEAR:     2015
                                          LATITUDE:   33 17 N
                                          LONGITUDE: 104 32 W

[TEMPERATURE DATA]      [PRECIPITATION DATA]       SYMBOLS USED IN COLUMN 16

AVERAGE MONTHLY: 61.4   TOTAL FOR MONTH:   1.72    1 = FOG OR MIST
DPTR FM NORMAL:   2.6   DPTR FM NORMAL:    1.44    2 = FOG REDUCING VISIBILITY
HIGHEST:    89 ON  7    GRTST 24HR  1.70 ON 12-13      TO 1/4 MILE OR LESS
LOWEST:     39 ON 14, 5                            3 = THUNDER
                        SNOW, ICE PELLETS, HAIL    4 = ICE PELLETS
                        TOTAL MONTH:   0.0 INCH    5 = HAIL
                        GRTST 24HR     0.0         6 = FREEZING RAIN OR DRIZZLE
                        GRTST DEPTH:   0           7 = DUSTSTORM OR SANDSTORM:
                                                       VSBY 1/2 MILE OR LESS
                                                   8 = SMOKE OR HAZE
[NO. OF DAYS WITH]      [WEATHER - DAYS WITH]      9 = BLOWING SNOW
                                                   X = TORNADO
MAX 32 OR BELOW:   0    0.01 INCH OR MORE:   2
MAX 90 OR ABOVE:   0    0.10 INCH OR MORE:   2
MIN 32 OR BELOW:   0    0.50 INCH OR MORE:   1
MIN  0 OR BELOW:   0    1.00 INCH OR MORE:   1

[HDD (BASE 65) ]
TOTAL THIS MO.    70    CLEAR  (SCALE 0-3)  15
DPTR FM NORMAL   -46    PTCLDY (SCALE 4-7)   1
TOTAL FM JUL 1  3145    CLOUDY (SCALE 8-10)  1
DPTR FM NORMAL   -65

[CDD (BASE 65) ]
TOTAL THIS MO.    13
DPTR FM NORMAL     1    [PRESSURE DATA]
TOTAL FM JAN 1    16    HIGHEST SLP M ON M
DPTR FM NORMAL     1    LOWEST  SLP 29.51 ON  8

[REMARKS]
