000
CXUS56 KSTO 201455
CF6VCB
PRELIMINARY LOCAL CLIMATOLOGICAL DATA (WS FORM: F-6)

                                          STATION:   VACAVILLE AIRPORT CA
                                          MONTH:     APRIL
                                          YEAR:      2015
                                          LATITUDE:   38 22 N
                                          LONGITUDE: 121 58 W

  TEMPERATURE IN F:       :PCPN:    SNOW:  WIND      :SUNSHINE: SKY     :PK WND
================================================================================
1   2   3   4   5  6A  6B    7    8   9   10  11  12  13   14  15   16   17  18
                                     12Z  AVG MX 2MIN
DY MAX MIN AVG DEP HDD CDD  WTR  SNW DPTH SPD SPD DIR MIN PSBL S-S WX    SPD DR
================================================================================

 1  71  38  55  -1  10   0 0.00  0.0    0  5.0 16 330   M    M   0        23 330
 2  74  48  61   5   4   0 0.00  0.0    0 11.7 23 350   M    M   0        34 350
 3  77  39  58   2   7   0 0.00  0.0    0  4.3 16 240   M    M   0        21 230
 4  74  41  58   2   7   0 0.00  0.0    0  7.3 20 230   M    M   0        25 230
 5  62  46  54  -3  11   0 0.01    M    0  9.1 21 230   M    M   4        25 240
 6  64  34  49  -8  16   0 0.00  0.0    0  7.9 18 240   M    M   3        24 220
 7  60  43  52  -5  13   0 0.91    M    0  7.1 21 280   M    M   7 1      27 270
 8  63  37  50  -7  15   0 0.00  0.0    0  3.5 10 340   M    M   2        13 340
 9  70  38  54  -3  11   0 0.00  0.0    0  2.4  9 130   M    M   0        13 110
10  74  41  58   0   7   0 0.00  0.0    0  3.9 13 220   M    M   0        17 180
11  77  45  61   3   4   0 0.00  0.0    0  3.1 14 270   M    M   0        19 210
12  81  45  63   5   2   0 0.00  0.0    0  3.8 10 340   M    M   0        15 340
13  74  52  63   5   2   0 0.00  0.0    0  8.9 22 240   M    M   0        27 220
14  69  48  59   1   6   0 0.00  0.0    0  9.9 23 300   M    M   0        31 290
15  78  54  66   8   0   1 0.00  0.0    0 13.8 23 340   M    M   0        34 340
16  83  52  68   9   0   3 0.00  0.0    0  9.1 20 340   M    M   0        31 350
17  85  42  64   5   1   0 0.00  0.0    0  3.5 13 260   M    M   0        16 240
18  87  45  66   7   0   1 0.00  0.0    0  4.1 13 150   M    M   0        18 160
19  83  53  68   9   0   3 0.00  0.0    0  5.0 14 220   M    M   0        18 230
================================================================================
SM 1406  841       116   8  0.92     0.0 123.4          M       16
================================================================================
AV 74.0 44.3                               6.5 FASTST   M    M   1    MAX(MPH)
                                 MISC ---->  # 23 350               # 34  350
================================================================================
NOTES:
# LAST OF SEVERAL OCCURRENCES

COLUMN 17 PEAK WIND IN M.P.H.

PRELIMINARY LOCAL CLIMATOLOGICAL DATA (WS FORM: F-6) , PAGE 2

                                          STATION:  VACAVILLE AIRPORT CA
                                          MONTH:    APRIL
                                          YEAR:     2015
                                          LATITUDE:   38 22 N
                                          LONGITUDE: 121 58 W

[TEMPERATURE DATA]      [PRECIPITATION DATA]       SYMBOLS USED IN COLUMN 16

AVERAGE MONTHLY: 59.1   TOTAL FOR MONTH:   0.92    1 = FOG OR MIST
DPTR FM NORMAL:   1.6   DPTR FM NORMAL:    0.00    2 = FOG REDUCING VISIBILITY
HIGHEST:    87 ON 18    GRTST 24HR  0.91 ON  7- 7      TO 1/4 MILE OR LESS
LOWEST:     34 ON  6                               3 = THUNDER
                        SNOW, ICE PELLETS, HAIL    4 = ICE PELLETS
                        TOTAL MONTH:   0.0 INCH    5 = HAIL
                        GRTST 24HR     0.0         6 = FREEZING RAIN OR DRIZZLE
                        GRTST DEPTH:   0           7 = DUSTSTORM OR SANDSTORM:
                                                       VSBY 1/2 MILE OR LESS
                                                   8 = SMOKE OR HAZE
[NO. OF DAYS WITH]      [WEATHER - DAYS WITH]      9 = BLOWING SNOW
                                                   X = TORNADO
MAX 32 OR BELOW:   0    0.01 INCH OR MORE:   2
MAX 90 OR ABOVE:   0    0.10 INCH OR MORE:   1
MIN 32 OR BELOW:   0    0.50 INCH OR MORE:   1
MIN  0 OR BELOW:   0    1.00 INCH OR MORE:   0

[HDD (BASE 65) ]
TOTAL THIS MO.   116    CLEAR  (SCALE 0-3)  17
DPTR FM NORMAL   -33    PTCLDY (SCALE 4-7)   2
TOTAL FM JUL 1  1617    CLOUDY (SCALE 8-10)  0
DPTR FM NORMAL  -832

[CDD (BASE 65) ]
TOTAL THIS MO.     8
DPTR FM NORMAL     3    [PRESSURE DATA]
TOTAL FM JAN 1    15    HIGHEST SLP M ON M
DPTR FM NORMAL     7    LOWEST  SLP 30.11 ON  7

[REMARKS]
