000
CDUS41 KBTV 270537
CLI1V4


CLIMATE REPORT
NATIONAL WEATHER SERVICE BURLINGTON VT
135 AM EDT MON APR 27 2015


...................................

...THE ST. JOHNSBURY VT CLIMATE SUMMARY FOR APRIL 26 2015...

CLIMATE NORMAL PERIOD 1981 TO 2010
CLIMATE RECORD PERIOD 1894 TO 2015


WEATHER ITEM   OBSERVED TIME   RECORD YEAR NORMAL DEPARTURE LAST
                VALUE   (LST)  VALUE       VALUE  FROM      YEAR
                                                  NORMAL
..................................................................
TEMPERATURE (F)
 YESTERDAY
  MAXIMUM         51    537 PM  81    1915  62    -11       49
  MINIMUM         36    457 AM  19    1919  37     -1       40
  AVERAGE         44                        49     -5       45

PRECIPITATION (IN)
  YESTERDAY        0.01          1.62 1945   0.09  -0.08     0.09
  MONTH TO DATE    2.40                      2.45  -0.05     2.73
  SINCE MAR 1      3.77                      4.96  -1.19     5.60
  SINCE JAN 1      8.33                      9.64  -1.31    10.73

DEGREE DAYS
 HEATING
  YESTERDAY       21                        16      5       20
  MONTH TO DATE  636                       558     78      598
  SINCE MAR 1   1910                      1634    276     2019
  SINCE JUL 1   7975                      7358    617     8051

 COOLING
  YESTERDAY        0                         0      0        0
  MONTH TO DATE    0                         0      0        0
  SINCE MAR 1      0                         0      0        0
  SINCE JAN 1      0                         0      0        0
..................................................................


WIND (MPH)
  HIGHEST WIND SPEED    MM   HIGHEST WIND DIRECTION    MM
  HIGHEST GUST SPEED    MM   HIGHEST GUST DIRECTION    MM
  AVERAGE WIND SPEED    MM


SKY COVER
  AVERAGE SKY COVER 0.0


WEATHER CONDITIONS
 THE FOLLOWING WEATHER WAS RECORDED YESTERDAY.
  NO SIGNIFICANT WEATHER WAS OBSERVED.


RELATIVE HUMIDITY (PERCENT)
 HIGHEST    92           400 AM
 LOWEST     50           600 PM
 AVERAGE    71

..........................................................


THE ST. JOHNSBURY VT CLIMATE NORMALS FOR TODAY
                         NORMAL    RECORD    YEAR
 MAXIMUM TEMPERATURE (F)   62        88      1990
 MINIMUM TEMPERATURE (F)   37        18      1972


SUNRISE AND SUNSET
APRIL 27 2015.........SUNRISE   545 AM EDT   SUNSET   747 PM EDT
APRIL 28 2015.........SUNRISE   544 AM EDT   SUNSET   748 PM EDT


-  INDICATES NEGATIVE NUMBERS.
R  INDICATES RECORD WAS SET OR TIED.
MM INDICATES DATA IS MISSING.
T  INDICATES TRACE AMOUNT.




$$
