000
CDUS41 KPHI 030646
CLIABE


CLIMATE REPORT
NATIONAL WEATHER SERVICE MOUNT HOLLY NJ
245 AM EDT SUN MAY 3 2015


...................................

...THE ALLENTOWN PA CLIMATE SUMMARY FOR MAY 2 2015...

CLIMATE NORMAL PERIOD 1981 TO 2010
CLIMATE RECORD PERIOD 1922 TO 2015


WEATHER ITEM   OBSERVED TIME   RECORD YEAR NORMAL DEPARTURE LAST
                VALUE   (LST)  VALUE       VALUE  FROM      YEAR
                                                  NORMAL
..................................................................
TEMPERATURE (F)
 YESTERDAY
  MAXIMUM         75    404 PM  90    2001  67      8       65
  MINIMUM         42    523 AM  30    1925  44     -2       46
  AVERAGE         59                        56      3       56

PRECIPITATION (IN)
  YESTERDAY        0.00          1.55 1985   0.12  -0.12     0.00
  MONTH TO DATE    T                         0.23  -0.23     0.22
  SINCE MAR 1      6.24                      7.18  -0.94     9.26
  SINCE JAN 1     10.79                     12.91  -2.12    18.25

SNOWFALL (IN)
  YESTERDAY        0.0           0.0    MM   0.0    0.0      0.0
  MONTH TO DATE    0.0                       0.0    0.0      0.0
  SINCE MAR 1     17.8                       5.9   11.9      1.4
  SINCE JUL 1     50.1                      32.9   17.2     68.1
  SNOW DEPTH       0

DEGREE DAYS
 HEATING
  YESTERDAY        6                        10     -4        9
  MONTH TO DATE   17                        20     -3       11
  SINCE MAR 1   1383                      1281    102     1435
  SINCE JUL 1   5864                      5590    274     6033

 COOLING
  YESTERDAY        0                         0      0        0
  MONTH TO DATE    0                         0      0        0
  SINCE MAR 1      0                         5     -5        7
  SINCE JAN 1      0                         5     -5        7
..................................................................


WIND (MPH)
  HIGHEST WIND SPEED    10   HIGHEST WIND DIRECTION    SE (150)
  HIGHEST GUST SPEED    15   HIGHEST GUST DIRECTION    SE (150)
  AVERAGE WIND SPEED     2.6


SKY COVER
  POSSIBLE SUNSHINE  MM
  AVERAGE SKY COVER 0.4


WEATHER CONDITIONS
 THE FOLLOWING WEATHER WAS RECORDED YESTERDAY.
  NO SIGNIFICANT WEATHER WAS OBSERVED.


RELATIVE HUMIDITY (PERCENT)
 HIGHEST    89           500 AM
 LOWEST     27           500 PM
 AVERAGE    58

..........................................................


THE ALLENTOWN PA CLIMATE NORMALS FOR TODAY
                         NORMAL    RECORD    YEAR
 MAXIMUM TEMPERATURE (F)   68        91      2001
 MINIMUM TEMPERATURE (F)   44        32      2005


SUNRISE AND SUNSET
MAY  3 2015...........SUNRISE   558 AM EDT   SUNSET   800 PM EDT
MAY  4 2015...........SUNRISE   557 AM EDT   SUNSET   801 PM EDT


-  INDICATES NEGATIVE NUMBERS.
R  INDICATES RECORD WAS SET OR TIED.
MM INDICATES DATA IS MISSING.
T  INDICATES TRACE AMOUNT.




$$
