000
CDUS42 KTAE 270637
CLIABY


CLIMATE REPORT
NATIONAL WEATHER SERVICE TALLAHASSEE FL
236 AM EDT MON APR 27 2015


...................................

...THE ALBANY CLIMATE SUMMARY FOR APRIL 26 2015...

CLIMATE NORMAL PERIOD 1981 TO 2010
CLIMATE RECORD PERIOD 1930 TO 2015


WEATHER ITEM   OBSERVED TIME   RECORD YEAR NORMAL DEPARTURE LAST
                VALUE   (LST)  VALUE       VALUE  FROM      YEAR
                                                  NORMAL
..................................................................
TEMPERATURE (F)
 YESTERDAY
  MAXIMUM         87    447 PM  91    1958  82      5       85
  MINIMUM         64    537 AM  39    1968  56      8       56
  AVERAGE         76                        69      7       71

PRECIPITATION (IN)
  YESTERDAY        0.00                      0.08  -0.08     0.00
  MONTH TO DATE    4.71                      3.33   1.38     6.10
  SINCE MAR 1      6.88                      8.38  -1.50     8.90
  SINCE JAN 1     14.21                     17.36  -3.15    14.14

SNOWFALL (IN)
  YESTERDAY        0.0

DEGREE DAYS
 HEATING
  YESTERDAY        0                         1     -1        0
  MONTH TO DATE    0                        63    -63       70
  SINCE MAR 1    118                       272   -154      338
  SINCE JUL 1   1842                      1832     10     1934

 COOLING
  YESTERDAY       11                         5      6        6
  MONTH TO DATE  176                        81     95       66
  SINCE MAR 1    242                       110    132       69
  SINCE JAN 1    244                       119    125       73
..................................................................


WIND (MPH)
  HIGHEST WIND SPEED    15   HIGHEST WIND DIRECTION     W (270)
  HIGHEST GUST SPEED    20   HIGHEST GUST DIRECTION     W (280)
  AVERAGE WIND SPEED     6.6




RELATIVE HUMIDITY (PERCENT)
 HIGHEST   100
 LOWEST     43
 AVERAGE    72

..........................................................


THE ALBANY CLIMATE NORMALS FOR TODAY
                         NORMAL    RECORD    YEAR
 MAXIMUM TEMPERATURE (F)   82        93      2011
 MINIMUM TEMPERATURE (F)   56        40      1983


SUNRISE AND SUNSET
APRIL 27 2015.........SUNRISE   656 AM EDT   SUNSET   814 PM EDT
APRIL 28 2015.........SUNRISE   655 AM EDT   SUNSET   814 PM EDT


-  INDICATES NEGATIVE NUMBERS.
R  INDICATES RECORD WAS SET OR TIED.
MM INDICATES DATA IS MISSING.
T  INDICATES TRACE AMOUNT.




$$
