000
CDAK48 PADQ 050903
CLIADQ

CLIMATE REPORT
NATIONAL WEATHER SERVICE KODIAK, AK
103 AM AKDT TUE MAY 5 2015

...................................
...THE KODIAK AP CLIMATE SUMMARY FOR MAY 4 2015...

CLIMATE NORMAL PERIOD  1981 TO  2010
CLIMATE RECORD PERIOD  1949 TO  2015

WEATHER ITEM   OBSERVED TIME    RECORD YEAR NORMAL DEPARTURE LAST
               VALUE    (LST)   VALUE       VALUE  FROM      YEAR
                                                   NORMAL
...................................................................
TEMPERATURE
YESTERDAY
 MAXIMUM            52  0209 PM    68  2004     48       4     60
 MINIMUM            37  0621 AM    24  1949     36       1     37
 AVERAGE            45                          42       3     49

PRECIPITATION
(INCHES)
 YESTERDAY           T           1.91  2008   0.17   -0.17   0.00
 MONTH TO DATE    0.29                        0.71   -0.42   0.00
 SINCE MAR 1     14.46                       12.05    2.41  11.09
 SINCE JAN 1     33.38                       26.48    6.90  32.34

SNOWFALL
(INCHES)
 YESTERDAY         0.0            1.3  1949    0.0     0.0    0.0
 MONTH TO DATE     0.0                         0.1    -0.1    0.0
 SINCE MAR 1       4.7                        19.4   -14.7   12.4
 SINCE JUL 1      20.1                        68.8   -48.7     MM
 SNOW DEPTH (IN)     0                                          0

DEGREE DAYS
 HEATING
  YESTERDAY         20                          23      -3     16
  MONTH TO DATE     89                          93      -4     60
  SINCE MAR 1     1738                        1912    -174   1797
  SINCE JUL 1     6656                        7785   -1129   7083

 COOLING
  YESTERDAY          0                           0       0      0
  MONTH TO DATE      0                           0       0      0
  SINCE MAR 1        0                           0       0      0
  SINCE JAN 1        0                           0       0      0
...................................................................

WIND (MPH)
 HIGHEST WIND SPEED    15     HIGHEST WIND DIRECTION    140
 HIGHEST GUST SPEED    18     HIGHEST GUST DIRECTION    120
 AVERAGE WIND SPEED   7.0

SKY COVER
  POSSIBLE SUNSHINE    MM          AVERAGE SKY COVER     MM

WEATHER CONDITIONS
 THE FOLLOWING WEATHER WAS RECORDED YESTERDAY.
  RAIN


RELATIVE HUMIDITY
 HIGHEST RH     MM PERCENT       MM
 LOWEST  RH     MM PERCENT       MM
 AVERAGE RH     MM PERCENT       MM
...................................................................

THE KODIAK CLIMATE NORMALS FOR TODAY
                           NORMAL    RECORD   YEAR
 MAXIMUM TEMPERATURE (F)     48        69     2004
 MINIMUM TEMPERATURE (F)     37        27     2001

SUNRISE AND SUNSET
 MAY 5 2015..........SUNRISE  6:10 AM      SUNSET 10:06 PM
 MAY 6 2015..........SUNRISE  6:07 AM      SUNSET 10:08 PM

-  INDICATES NEGATIVE NUMBERS.
R  INDICATES RECORD HAS BEEN SET OR TIED.
MM INDICATES DATA IS MISSING.
T  INDICATES TRACE OF PRECIPITATION.

&&
-------------------------------------------------------------------

AMOUNT OF DAYLIGHT TODAY  (HOUR:MIN)........15 HOURS 56 MINUTES
GAIN/LOSS SINCE YESTERDAY (HOUR:MIN:SEC)....+0:04:32

$$
*** MAY 15
