000
CDUS42 KCAE 070528
CLIAGS


CLIMATE REPORT
NATIONAL WEATHER SERVICE COLUMBIA SC
127 AM EDT THU MAY 7 2015


...................................

...THE AUGUSTA REGIONAL BUSH FIELD GA CLIMATE SUMMARY FOR MAY 6 2015...

CLIMATE NORMAL PERIOD 1981 TO 2010
CLIMATE RECORD PERIOD 1873 TO 2015


WEATHER ITEM   OBSERVED TIME   RECORD YEAR NORMAL DEPARTURE LAST
                VALUE   (LST)  VALUE       VALUE  FROM      YEAR
                                                  NORMAL
..................................................................
TEMPERATURE (F)
 YESTERDAY
  MAXIMUM         83    401 PM  95    1952  83      0       91
  MINIMUM         50    547 AM  42    1973  54     -4       56
  AVERAGE         67                        68     -1       74

PRECIPITATION (IN)
  YESTERDAY        0.00          1.98 1928   0.07  -0.07     0.00
  MONTH TO DATE    0.00                      0.45  -0.45     0.08
  SINCE MAR 1      7.90                      7.47   0.43     7.23
  SINCE JAN 1     14.70                     15.30  -0.60    13.44

SNOWFALL (IN)
  YESTERDAY        0.0          MM      MM   0.0             0.0
  MONTH TO DATE    0.0                       0.0             0.0
  SINCE MAR 1      0.0                       0.0             0.0
  SINCE JUL 1      T                         0.9             3.3

DEGREE DAYS
 HEATING
  YESTERDAY        0                         1     -1        0
  MONTH TO DATE   10                         9      1        5
  SINCE MAR 1    277                       429   -152      506
  SINCE JUL 1   2563                      2461    102     2668

 COOLING
  YESTERDAY        2                         4     -2        9
  MONTH TO DATE    5                        23    -18       18
  SINCE MAR 1    119                        93     26       71
  SINCE JAN 1    119                        96     23       73
..................................................................


WIND (MPH)
  HIGHEST WIND SPEED    16   HIGHEST WIND DIRECTION     E (90)
  HIGHEST GUST SPEED    20   HIGHEST GUST DIRECTION     E (90)
  AVERAGE WIND SPEED     3.9


SKY COVER
  AVERAGE SKY COVER 0.0


WEATHER CONDITIONS
 THE FOLLOWING WEATHER WAS RECORDED YESTERDAY.
  FOG


RELATIVE HUMIDITY (PERCENT)
 HIGHEST   100           300 AM
 LOWEST     36           400 PM
 AVERAGE    68

..........................................................


THE AUGUSTA REGIONAL BUSH FIELD GA CLIMATE NORMALS FOR TODAY
                         NORMAL    RECORD    YEAR
 MAXIMUM TEMPERATURE (F)   83        95      1959
 MINIMUM TEMPERATURE (F)   54        42      1968
                                             1957
                                             1954


SUNRISE AND SUNSET
MAY  7 2015...........SUNRISE   634 AM EDT   SUNSET   815 PM EDT
MAY  8 2015...........SUNRISE   633 AM EDT   SUNSET   816 PM EDT


-  INDICATES NEGATIVE NUMBERS.
R  INDICATES RECORD WAS SET OR TIED.
MM INDICATES DATA IS MISSING.
T  INDICATES TRACE AMOUNT.




$$
