000
CDUS45 KCYS 062126
CLIAIA


CLIMATE REPORT
NATIONAL WEATHER SERVICE CHEYENNE WY
326 PM MDT WED MAY 6 2015


...................................

...THE ALLIANCE NE AIRPORT CLIMATE SUMMARY FOR MAY 6 2015...
VALID AS OF 0300 PM LOCAL TIME.

CLIMATE NORMAL PERIOD 1981 TO 2010
CLIMATE RECORD PERIOD 1896 TO 2015


WEATHER ITEM   OBSERVED TIME   RECORD YEAR NORMAL DEPARTURE LAST
                VALUE   (LST)  VALUE       VALUE  FROM      YEAR
                                                  NORMAL
..................................................................
TEMPERATURE (F)
 TODAY
  MAXIMUM         65    106 PM  93    1916  67     -2       71
  MINIMUM         47    402 AM  22    1944  36     11       41
  AVERAGE         56                        51      5       56

PRECIPITATION (IN)
  TODAY            0.02          1.30 1968   0.07  -0.05     0.07
  MONTH TO DATE    0.14                      0.55  -0.41     0.07
  SINCE JAN 1      3.57                      3.41   0.16     2.87

DEGREE DAYS
 HEATING
  TODAY            9                        14     -5        9
  MONTH TO DATE   54                        89    -35       75
  SINCE MAR 1   1322                      1574   -252     1594
  SINCE JUL 1   6549                      6978   -429     7158

 COOLING
  TODAY            0                         0      0        0
  MONTH TO DATE    0                         0      0        0
  SINCE MAR 1      0                         0      0        0
  SINCE JAN 1      0                         0      0        0
..................................................................


WIND (MPH)
  HIGHEST WIND SPEED    18   HIGHEST WIND DIRECTION    SE (140)
  HIGHEST GUST SPEED    23   HIGHEST GUST DIRECTION    SE (150)
  AVERAGE WIND SPEED    12.0


SKY COVER
  AVERAGE SKY COVER 0.7


WEATHER CONDITIONS
 THE FOLLOWING WEATHER WAS RECORDED TODAY.
  LIGHT RAIN
  FOG


RELATIVE HUMIDITY (PERCENT)
 HIGHEST   100           600 AM
 LOWEST     67           100 PM
 AVERAGE    84

..........................................................


THE ALLIANCE NE AIRPORT CLIMATE NORMALS FOR TOMORROW
                         NORMAL    RECORD    YEAR
 MAXIMUM TEMPERATURE (F)   67        90      1928
 MINIMUM TEMPERATURE (F)   36        27      2010


SUNRISE AND SUNSET
MAY  6 2015...........SUNRISE   541 AM MDT   SUNSET   755 PM MDT
MAY  7 2015...........SUNRISE   540 AM MDT   SUNSET   756 PM MDT


-  INDICATES NEGATIVE NUMBERS.
R  INDICATES RECORD WAS SET OR TIED.
MM INDICATES DATA IS MISSING.
T  INDICATES TRACE AMOUNT.




$$
