000
CDUS44 KAMA 281436
CLIAMA


CLIMATE REPORT
NATIONAL WEATHER SERVICE AMARILLO TX
936 AM CDT TUE APR 28 2015


...................................

...THE AMARILLO CLIMATE SUMMARY FOR APRIL 28 2015...
VALID AS OF 0900 AM LOCAL TIME.

CLIMATE NORMAL PERIOD 1981 TO 2010
CLIMATE RECORD PERIOD 1892 TO 2015


WEATHER ITEM   OBSERVED TIME   RECORD YEAR NORMAL DEPARTURE LAST
                VALUE   (LST)  VALUE       VALUE  FROM      YEAR
                                                  NORMAL
..................................................................
TEMPERATURE (F)
 TODAY
  MINIMUM         40    646 AM  31    1994  46     -6       45

PRECIPITATION (IN)
  TODAY            0.00          1.99 1985   0.05  -0.05      T
  MONTH TO DATE    2.97                      1.30   1.67     0.57
  SINCE MAR 1      3.18                      2.69   0.49     0.77
  SINCE JAN 1      5.26                      3.97   1.29     1.16

SNOWFALL (IN)
  TODAY            0.0           T    1999   0.0    0.0      0.0
  MONTH TO DATE    T                         0.7   -0.7      0.4
  SINCE MAR 1      0.1                       3.6   -3.5      0.7
  SINCE JUL 1     23.9                      17.6    6.3     12.8
  SNOW DEPTH       0

..................................................................


WIND (MPH)
  RESULTANT WIND SPEED  11   RESULTANT WIND DIRECTION   N (340)
  HIGHEST WIND SPEED    17   HIGHEST WIND DIRECTION     N (350)
  HIGHEST GUST SPEED    20   HIGHEST GUST DIRECTION     N (340)
  AVERAGE WIND SPEED    10.9


SKY COVER
  AVERAGE SKY COVER 0.8


WEATHER CONDITIONS
 THE FOLLOWING WEATHER WAS RECORDED TODAY.
  NO SIGNIFICANT WEATHER WAS OBSERVED.


RELATIVE HUMIDITY (PERCENT)
 HIGHEST   100          1200 AM
 LOWEST     79           700 AM
 AVERAGE    90

..........................................................


THE AMARILLO CLIMATE NORMALS FOR TOMORROW
                         NORMAL    RECORD    YEAR
 MAXIMUM TEMPERATURE (F)   75        94      2013
                                             2011
                                             1910
 MINIMUM TEMPERATURE (F)   46        30      1907
                                             1903


SUNRISE AND SUNSET
APRIL 28 2015.........SUNRISE   659 AM CDT   SUNSET   830 PM CDT
APRIL 29 2015.........SUNRISE   658 AM CDT   SUNSET   831 PM CDT


-  INDICATES NEGATIVE NUMBERS.
R  INDICATES RECORD WAS SET OR TIED.
MM INDICATES DATA IS MISSING.
T  INDICATES TRACE AMOUNT.




$$
