000
CDUS44 KBMX 260031
CLIANB


CLIMATE REPORT
NATIONAL WEATHER SERVICE BIRMINGHAM, AL
730 PM CDT SAT APR 25 2015


...................................

...THE ANNISTON CLIMATE SUMMARY FOR APRIL 25 2015...
VALID TODAY AS OF 0700 PM LOCAL TIME.

CLIMATE NORMAL PERIOD 1981 TO 2010
CLIMATE RECORD PERIOD 1903 TO 2015


WEATHER ITEM   OBSERVED RECORD YEAR NORMAL DEPARTURE LAST
                VALUE   VALUE       VALUE  FROM      YEAR
                                           NORMAL
...........................................................
TEMPERATURE (F)
 TODAY
  MAXIMUM         79     88    1960  76      3       77
                               2004
  MINIMUM         60     34    2005  52      8       55
  AVERAGE         70

PRECIPITATION (IN)
  TODAY            1.34   3.35 1982   0.13   1.21     0.07
  MONTH TO DATE    8.06               3.43   4.63     6.18
  SINCE MAR 1     13.64               8.39   5.25    11.59
  SINCE JAN 1     21.80              17.99   3.81    18.75

SNOWFALL (IN)
  TODAY            0.0                0.0             0.0
  MONTH TO DATE    0.0                0.2             0.0
  SINCE MAR 1      T                  0.9             0.0
  SINCE JUL 1      T                  2.0             2.3

DEGREE DAYS

 COOLING
  TODAY            5                  2      3        1
  MONTH TO DATE   70                 36     34       10
  SINCE MAR 1     78                 48     30       10
  SINCE JAN 1     78                 49     29       10
...........................................................


WIND (MPH)
  HIGHEST WIND SPEED    20   HIGHEST WIND DIRECTION     N (10)
  HIGHEST GUST SPEED    27   HIGHEST GUST DIRECTION     N (10)
  AVERAGE WIND SPEED     5.2


SKY COVER
  AVERAGE SKY COVER 0.7


WEATHER CONDITIONS
 THE FOLLOWING WEATHER WAS RECORDED TODAY.
  THUNDERSTORM
  HEAVY RAIN
  RAIN
  LIGHT RAIN
  FOG


RELATIVE HUMIDITY (PERCENT)
 HIGHEST    90
 LOWEST     58
 AVERAGE    74

..........................................................


THE ANNISTON CLIMATE NORMALS FOR TOMORROW
                         NORMAL    RECORD    YEAR
 MAXIMUM TEMPERATURE (F)   76        90      1986
 MINIMUM TEMPERATURE (F)   52        37      2013


SUNRISE AND SUNSET
APRIL 25 2015.........SUNRISE   602 AM CDT   SUNSET   722 PM CDT
APRIL 26 2015.........SUNRISE   600 AM CDT   SUNSET   722 PM CDT


-  INDICATES NEGATIVE NUMBERS.
R  INDICATES RECORD WAS SET OR TIED.
MM INDICATES DATA IS MISSING.
T  INDICATES TRACE AMOUNT.




$$
