000
CDAK47 PANT 270930
CLIANN

CLIMATE REPORT
NATIONAL WEATHER SERVICE ANNETTE, AK
130 AM AKDT MON APR 27 2015

...................................
...THE ANNETTE WSO AP CLIMATE SUMMARY FOR APRIL 26 2015...

CLIMATE NORMAL PERIOD  1981 TO  2010
CLIMATE RECORD PERIOD  1948 TO  2015

WEATHER ITEM   OBSERVED TIME    RECORD YEAR NORMAL DEPARTURE LAST
               VALUE    (LST)   VALUE       VALUE  FROM      YEAR
                                                   NORMAL
...................................................................
TEMPERATURE
YESTERDAY
 MAXIMUM            51  0255 PM    72  2005     52      -1     53
 MINIMUM            42  0756 PM    30  1954     40       2     42
 AVERAGE            47                          46       1     48

PRECIPITATION
(INCHES)
 YESTERDAY        0.40           2.74  1972   0.20    0.20      T
 MONTH TO DATE    8.57                        5.99    2.58  10.40
 SINCE MAR 1     18.65                       14.04    4.61  18.54
 SINCE JAN 1     39.71                       32.08    7.63  30.64

SNOWFALL
(INCHES)
 YESTERDAY         0.0            0.3  1999    0.1    -0.1    0.0
 MONTH TO DATE       T                         1.4    -1.4    0.0
 SINCE MAR 1         T                         8.3    -8.3    0.3
 SINCE JUL 1      10.2                        34.8   -24.6   25.4
 SNOW DEPTH (IN)     0                                          0

DEGREE DAYS
 HEATING
  YESTERDAY         18                          19      -1     17
  MONTH TO DATE    514                         549     -35    562
  SINCE MAR 1     1163                        1333    -170   1429
  SINCE JUL 1     5247                        5871    -624   5918

 COOLING
  YESTERDAY          0                           0       0      0
  MONTH TO DATE      0                           0       0      0
  SINCE MAR 1        0                           0       0      0
  SINCE JAN 1        0                           0       0      0
...................................................................

WIND (MPH)
 HIGHEST WIND SPEED    33     HIGHEST WIND DIRECTION    130
 HIGHEST GUST SPEED    50     HIGHEST GUST DIRECTION    130
 AVERAGE WIND SPEED  13.5

SKY COVER
  POSSIBLE SUNSHINE    MM          AVERAGE SKY COVER     MM

WEATHER CONDITIONS
 THE FOLLOWING WEATHER WAS RECORDED YESTERDAY.
  FOG
RAIN


RELATIVE HUMIDITY
 HIGHEST RH     MM PERCENT       MM
 LOWEST  RH     MM PERCENT       MM
 AVERAGE RH     MM PERCENT       MM
...................................................................

THE ANNETTE CLIMATE NORMALS FOR TODAY
                           NORMAL    RECORD   YEAR
 MAXIMUM TEMPERATURE (F)     52        73     1976
 MINIMUM TEMPERATURE (F)     40        31     1999

SUNRISE AND SUNSET
 APR 27 2015..........SUNRISE  5:16 AM      SUNSET  8:15 PM
 APR 28 2015..........SUNRISE  5:13 AM      SUNSET  8:17 PM

-  INDICATES NEGATIVE NUMBERS.
R  INDICATES RECORD HAS BEEN SET OR TIED.
MM INDICATES DATA IS MISSING.
T  INDICATES TRACE OF PRECIPITATION.

&&
-------------------------------------------------------------------

AMOUNT OF DAYLIGHT TODAY  (HOUR:MIN)........14 HOURS 59 MINUTES
GAIN/LOSS SINCE YESTERDAY (HOUR:MIN:SEC)....+0:04:11

$$
JH APR 15
