000
CDUS41 KCTP 032117
CLIAOO


CLIMATE REPORT
NATIONAL WEATHER SERVICE STATE COLLEGE PA
517 PM EDT SUN MAY 3 2015


...................................

...THE ALTOONA CLIMATE SUMMARY FOR MAY 3 2015...
VALID TODAY AS OF 0500 PM LOCAL TIME.

CLIMATE NORMAL PERIOD 1981 TO 2010
CLIMATE RECORD PERIOD 1948 TO 2015


WEATHER ITEM   OBSERVED TIME   RECORD YEAR NORMAL DEPARTURE LAST
                VALUE   (LST)  VALUE       VALUE  FROM      YEAR
                                                  NORMAL
..................................................................
TEMPERATURE (F)
 TODAY
  MAXIMUM         76    340 PM  85    1965  66     10       62
  MINIMUM         43    506 AM  32    1957  43      0       42
  AVERAGE         60                        54      6       52

PRECIPITATION (IN)
  TODAY            0.00          0.74 1958   0.11  -0.11     0.08
  MONTH TO DATE    0.01                      0.33  -0.32     0.13
  SINCE MAR 1      5.83                      6.59  -0.76     5.69
  SINCE JAN 1      8.35                     10.80  -2.45     9.05

DEGREE DAYS
 HEATING
  TODAY            5                        11     -6       13
  MONTH TO DATE   19                        33    -14       39
  SINCE MAR 1   1376                      1381     -5     1453
  SINCE JUL 1   6169                      5937    232     6197

 COOLING
  TODAY            0                         0      0        0
  MONTH TO DATE    0                         0      0        0
  SINCE MAR 1      0                         6     -6        6
  SINCE JAN 1      0                         6     -6        6
..................................................................


WIND (MPH)
  HIGHEST WIND SPEED    14   HIGHEST WIND DIRECTION    NW (320)
  HIGHEST GUST SPEED    20   HIGHEST GUST DIRECTION     W (290)
  AVERAGE WIND SPEED     4.2


SKY COVER
  POSSIBLE SUNSHINE  MM
  AVERAGE SKY COVER 0.3


WEATHER CONDITIONS
 THE FOLLOWING WEATHER WAS RECORDED TODAY.
  NO SIGNIFICANT WEATHER WAS OBSERVED.


RELATIVE HUMIDITY (PERCENT)
 HIGHEST    61           400 AM
 LOWEST     25           400 PM
 AVERAGE    43

..........................................................


THE ALTOONA CLIMATE NORMALS FOR TOMORROW
                         NORMAL    RECORD    YEAR
 MAXIMUM TEMPERATURE (F)   66        87      2001
 MINIMUM TEMPERATURE (F)   43        28      1957


SUNRISE AND SUNSET
MAY  3 2015...........SUNRISE   611 AM EDT   SUNSET   810 PM EDT
MAY  4 2015...........SUNRISE   609 AM EDT   SUNSET   811 PM EDT


-  INDICATES NEGATIVE NUMBERS.
R  INDICATES RECORD WAS SET OR TIED.
MM INDICATES DATA IS MISSING.
T  INDICATES TRACE AMOUNT.




$$
