000
CDUS42 KMFL 030822
CLIAPF


CLIMATE REPORT
NATIONAL WEATHER SERVICE MIAMI, FL
422 AM EDT SUN MAY 3 2015


...................................

...THE NAPLES CLIMATE SUMMARY FOR MAY 2 2015...

CLIMATE NORMAL PERIOD 1981 TO 2010
CLIMATE RECORD PERIOD 1942 TO 2015


WEATHER ITEM   OBSERVED TIME   RECORD YEAR NORMAL DEPARTURE LAST
                VALUE   (LST)  VALUE       VALUE  FROM      YEAR
                                                  NORMAL
..................................................................
TEMPERATURE (F)
 YESTERDAY
  MAXIMUM         84   1151 AM  93    2011  86     -2       87
  MINIMUM         65    619 AM  52    1992  66     -1       72
  AVERAGE         75                        76     -1       80

PRECIPITATION (IN)
  YESTERDAY        0.00          1.25 1955   0.07  -0.07      T
  MONTH TO DATE    0.00                      0.13  -0.13      T
  SINCE NOV 1      6.14                     12.31  -6.17     7.96
  SINCE JAN 1      4.84                      8.82  -3.98     6.86

SNOWFALL (IN)
  YESTERDAY        0.0
  MONTH TO DATE    0.0
  SINCE MAR 1      0.0
  SINCE JUL 1      0.0
  SNOW DEPTH       0

DEGREE DAYS
 HEATING
  YESTERDAY        0                         0      0        0
  MONTH TO DATE    0                         0      0        0
  SINCE MAR 1      1                        27    -26        7
  SINCE JUL 1    198                       260    -62      149

 COOLING
  YESTERDAY       10                        11     -1       15
  MONTH TO DATE   18                        22     -4       31
  SINCE MAR 1    735                       451    284      492
  SINCE JAN 1    911                       642    269      765
..................................................................


WIND (MPH)
  HIGHEST WIND SPEED    20   HIGHEST WIND DIRECTION    NE (50)
  HIGHEST GUST SPEED    23   HIGHEST GUST DIRECTION    NE (60)
  AVERAGE WIND SPEED     8.9


SKY COVER
  AVERAGE SKY COVER 0.2


WEATHER CONDITIONS
 THE FOLLOWING WEATHER WAS RECORDED YESTERDAY.
  NO SIGNIFICANT WEATHER WAS OBSERVED.


RELATIVE HUMIDITY (PERCENT)
 HIGHEST    73
 LOWEST     42
 AVERAGE    58

..........................................................


THE NAPLES CLIMATE NORMALS FOR TODAY
                         NORMAL    RECORD    YEAR
 MAXIMUM TEMPERATURE (F)   86        91      2002
                                             1997
                                             1990
 MINIMUM TEMPERATURE (F)   66        56      1955


SUNRISE AND SUNSET
MAY  3 2015...........SUNRISE   648 AM EDT   SUNSET   800 PM EDT
MAY  4 2015...........SUNRISE   648 AM EDT   SUNSET   800 PM EDT


-  INDICATES NEGATIVE NUMBERS.
R  INDICATES RECORD WAS SET OR TIED.
MM INDICATES DATA IS MISSING.
T  INDICATES TRACE AMOUNT.




$$
