000
CDUS44 KLCH 050859
CLIARA


CLIMATE REPORT
NATIONAL WEATHER SERVICE LAKE CHARLES, LA
359 AM CDT TUE MAY 5 2015


...................................

...THE NEW IBERIA CLIMATE SUMMARY FOR MAY 4 2015...

CLIMATE NORMAL PERIOD 1981 TO 2010
CLIMATE RECORD PERIOD 1948 TO 2015


WEATHER ITEM   OBSERVED TIME   RECORD YEAR NORMAL DEPARTURE LAST
                VALUE   (LST)  VALUE       VALUE  FROM      YEAR
                                                  NORMAL
..................................................................
TEMPERATURE (F)
 YESTERDAY
  MAXIMUM         81        MM  93    1952  84     -3       86
  MINIMUM         62        MM  43    1954  63     -1       58
  AVERAGE         72                        73     -1       72

PRECIPITATION (IN)
  YESTERDAY        0.00          1.66 2006   0.13  -0.13     0.00
  MONTH TO DATE    0.00                      0.52  -0.52      T
  SINCE MAR 1     13.98                      8.36   5.62     3.78
  SINCE JAN 1     20.44                     17.77   2.67    12.12

SNOWFALL (IN)
  YESTERDAY        0.0           0.0    MM  MM               0.0
  MONTH TO DATE    0.0                      MM               0.0
  SINCE MAR 1      T                        MM               0.0
  SINCE JUL 1      T                        MM               0.1

DEGREE DAYS
 HEATING
  YESTERDAY        0                         0      0        0
  MONTH TO DATE    0                         0      0        2
  SINCE MAR 1     73                       192   -119      258
  SINCE JUL 1   1416                      1408      8     1782

 COOLING
  YESTERDAY        7                         8     -1        7
  MONTH TO DATE   31                        31      0       13
  SINCE MAR 1    349                       220    129      191
  SINCE JAN 1    353                       251    102      209
..................................................................


WIND (MPH)
  RESULTANT WIND SPEED   6   RESULTANT WIND DIRECTION   E (80)
  HIGHEST WIND SPEED    12   HIGHEST WIND DIRECTION    NE (50)
  HIGHEST GUST SPEED    MM   HIGHEST GUST DIRECTION    MM
  AVERAGE WIND SPEED     6.6


SKY COVER
  POSSIBLE SUNSHINE  MM
  AVERAGE SKY COVER 0.3


WEATHER CONDITIONS
 THE FOLLOWING WEATHER WAS RECORDED YESTERDAY.
  NO SIGNIFICANT WEATHER WAS OBSERVED.


RELATIVE HUMIDITY (PERCENT)
 HIGHEST    90           400 AM
 LOWEST     58          1000 AM
 AVERAGE    74

..........................................................


THE NEW IBERIA CLIMATE NORMALS FOR TODAY
                         NORMAL    RECORD    YEAR
 MAXIMUM TEMPERATURE (F)   84        92      1952
 MINIMUM TEMPERATURE (F)   63        45      1954


SUNRISE AND SUNSET
MAY  5 2015...........SUNRISE   621 AM CDT   SUNSET   747 PM CDT
MAY  6 2015...........SUNRISE   621 AM CDT   SUNSET   748 PM CDT


-  INDICATES NEGATIVE NUMBERS.
R  INDICATES RECORD WAS SET OR TIED.
MM INDICATES DATA IS MISSING.
T  INDICATES TRACE AMOUNT.




$$
