000
CDUS43 KABR 190911
CLIATY


CLIMATE REPORT
NATIONAL WEATHER SERVICE ABERDEEN SD
409 AM CDT SUN APR 19 2015


...................................

...THE WATERTOWN SD CLIMATE SUMMARY FOR APRIL 18 2015...

CLIMATE NORMAL PERIOD 1981 TO 2010
CLIMATE RECORD PERIOD 1898 TO 2015


WEATHER ITEM   OBSERVED TIME   RECORD YEAR NORMAL DEPARTURE LAST
                VALUE   (LST)  VALUE       VALUE  FROM      YEAR
                                                  NORMAL
..................................................................
TEMPERATURE (F)
 YESTERDAY
  MAXIMUM         71   1259 PM  90    1985  57     14       62
  MINIMUM         38    127 AM  14    1988  33      5       32
  AVERAGE         55                        45     10       47

PRECIPITATION (IN)
  YESTERDAY        0.18          1.30 1977   0.07   0.11     0.00
  MONTH TO DATE    0.24                      1.08  -0.84     0.38
  SINCE MAR 1      0.59                      2.19  -1.60     1.35
  SINCE JAN 1      1.24                      3.27  -2.03     1.78

SNOWFALL (IN)
  YESTERDAY        0.0
  MONTH TO DATE    T
  SINCE OCT 1     25.3
  SINCE JUL 1     25.3
  SNOW DEPTH       0

DEGREE DAYS
 HEATING
  YESTERDAY       10                        20    -10       18
  MONTH TO DATE  310                       432   -122      509
  SINCE MAR 1   1272                      1536   -264     1758
  SINCE JUL 1   7664                      7947   -283     8724

 COOLING
  YESTERDAY        0                         0      0        0
  MONTH TO DATE    0                         0      0        0
  SINCE MAR 1      0                         0      0        0
  SINCE JAN 1      0                         0      0        0
..................................................................


WIND (MPH)
  HIGHEST WIND SPEED    18   HIGHEST WIND DIRECTION     E (110)
  HIGHEST GUST SPEED    24   HIGHEST GUST DIRECTION    SE (130)
  AVERAGE WIND SPEED     8.0


SKY COVER
  POSSIBLE SUNSHINE  MM
  AVERAGE SKY COVER 0.5


WEATHER CONDITIONS
 THE FOLLOWING WEATHER WAS RECORDED YESTERDAY.
  RAIN
  LIGHT RAIN
  FOG


RELATIVE HUMIDITY (PERCENT)
 HIGHEST    86           700 PM
 LOWEST     19          1200 PM
 AVERAGE    53

..........................................................


THE WATERTOWN SD CLIMATE NORMALS FOR TODAY
                         NORMAL    RECORD    YEAR
 MAXIMUM TEMPERATURE (F)   58        86      1987
 MINIMUM TEMPERATURE (F)   34        11      1928


SUNRISE AND SUNSET
APRIL 19 2015.........SUNRISE   638 AM CDT   SUNSET   819 PM CDT
APRIL 20 2015.........SUNRISE   636 AM CDT   SUNSET   820 PM CDT


-  INDICATES NEGATIVE NUMBERS.
R  INDICATES RECORD WAS SET OR TIED.
MM INDICATES DATA IS MISSING.
T  INDICATES TRACE AMOUNT.




$$
