000
CDAK48 PABE 011116
CLIBET

CLIMATE REPORT
NATIONAL WEATHER SERVICE BETHEL, AK
316 AM AKDT WED APR 1 2015

...................................
...THE BETHEL AP CLIMATE SUMMARY FOR MARCH 31 2015...

CLIMATE NORMAL PERIOD  1981 TO  2010
CLIMATE RECORD PERIOD  1923 TO  2015

WEATHER ITEM   OBSERVED TIME    RECORD YEAR NORMAL DEPARTURE LAST
               VALUE    (LST)   VALUE       VALUE  FROM      YEAR
                                                   NORMAL
...................................................................
TEMPERATURE
YESTERDAY
 MAXIMUM            24  0650 PM    52  1936     26      -2     31
 MINIMUM             6  0619 AM   -19  2004     11      -5      3
 AVERAGE            15                          19      -4     17

PRECIPITATION
(INCHES)
 YESTERDAY        0.00           0.26  1924   0.02   -0.02   0.00
 MONTH TO DATE    0.50                        0.71   -0.21   0.48
 SINCE MAR 1      0.50                        0.71   -0.21   0.48
 SINCE JAN 1      1.54                        2.21   -0.67   2.06

SNOWFALL
(INCHES)
 YESTERDAY         0.0            2.9  1980    0.2    -0.2    0.0
 MONTH TO DATE     6.8                         8.2    -1.4    4.7
 SINCE MAR 1       6.8                         8.2    -1.4    4.7
 SINCE JUL 1      32.3                        54.0   -21.7   26.8
 SNOW DEPTH (IN)     T                                          1

DEGREE DAYS
 HEATING
  YESTERDAY         50                          46       4     48
  MONTH TO DATE   1374                        1544    -170   1613
  SINCE MAR 1     1370                        1544    -174   1613
  SINCE JUL 1     9145                       10290   -1145   9088

 COOLING
  YESTERDAY          0                           0       0      0
  MONTH TO DATE      0                           0       0      0
  SINCE MAR 1        0                           0       0      0
  SINCE JAN 1        0                           0       0      0
...................................................................

WIND (MPH)
 HIGHEST WIND SPEED    14     HIGHEST WIND DIRECTION    320
 HIGHEST GUST SPEED    16     HIGHEST GUST DIRECTION    320
 AVERAGE WIND SPEED   5.9

SKY COVER
  POSSIBLE SUNSHINE    MM          AVERAGE SKY COVER     MM

WEATHER CONDITIONS
 THE FOLLOWING WEATHER WAS RECORDED YESTERDAY.
  NO SIGNIFICANT WEATHER WAS OBSERVED.

RELATIVE HUMIDITY
 HIGHEST RH     MM PERCENT       MM
 LOWEST  RH     MM PERCENT       MM
 AVERAGE RH     MM PERCENT       MM
...................................................................

THE BETHEL CLIMATE NORMALS FOR TODAY
                           NORMAL    RECORD   YEAR
 MAXIMUM TEMPERATURE (F)     27        50     1934
 MINIMUM TEMPERATURE (F)     12       -17     1946

SUNRISE AND SUNSET
 APR 1 2015..........SUNRISE  8:12 AM      SUNSET  9:33 PM
 APR 2 2015..........SUNRISE  8:09 AM      SUNSET  9:36 PM

-  INDICATES NEGATIVE NUMBERS.
R  INDICATES RECORD HAS BEEN SET OR TIED.
MM INDICATES DATA IS MISSING.
T  INDICATES TRACE OF PRECIPITATION.

&&
-------------------------------------------------------------------

AMOUNT OF DAYLIGHT TODAY  (HOUR:MIN)........13 HOURS 21 MINUTES
GAIN/LOSS SINCE YESTERDAY (HOUR:MIN:SEC)....+0:05:38

$$
DAC
