000
CDUS41 KCTP 070658
CLIBFD


CLIMATE REPORT
NATIONAL WEATHER SERVICE STATE COLLEGE PA
258 AM EDT THU MAY 7 2015


...................................

...THE BRADFORD CLIMATE SUMMARY FOR MAY 6 2015...

CLIMATE NORMAL PERIOD 1981 TO 2010
CLIMATE RECORD PERIOD 1957 TO 2015


WEATHER ITEM   OBSERVED TIME   RECORD YEAR NORMAL DEPARTURE LAST
                VALUE   (LST)  VALUE       VALUE  FROM      YEAR
                                                  NORMAL
..................................................................
TEMPERATURE (F)
 YESTERDAY
  MAXIMUM         61    450 PM  85    1959  63     -2       62
  MINIMUM         52    905 PM  26    1968  38     14       32
  AVERAGE         57                        50      7       47

PRECIPITATION (IN)
  YESTERDAY        0.23          0.88 1989   0.13   0.10     0.00
  MONTH TO DATE    0.74                      0.75  -0.01     0.43
  SINCE MAR 1      7.31                      7.67  -0.36     6.69
  SINCE JAN 1     10.15                     13.31  -3.16    10.22

DEGREE DAYS
 HEATING
  YESTERDAY        8                        10     -2       18
  MONTH TO DATE   51                        64    -13      108
  SINCE MAR 1   1840                      1745     95     1893
  SINCE JUL 1   7739                      7315    424     7559

 COOLING
  YESTERDAY        0                         0      0        0
  MONTH TO DATE    0                         0      0        0
  SINCE MAR 1      0                         2     -2        2
  SINCE JAN 1      0                         2     -2        2
..................................................................


WIND (MPH)
  HIGHEST WIND SPEED    12   HIGHEST WIND DIRECTION     E (70)
  HIGHEST GUST SPEED    14   HIGHEST GUST DIRECTION     E (70)
  AVERAGE WIND SPEED     5.3


SKY COVER
  POSSIBLE SUNSHINE  MM
  AVERAGE SKY COVER 0.9


WEATHER CONDITIONS
 THE FOLLOWING WEATHER WAS RECORDED YESTERDAY.
  RAIN
  LIGHT RAIN
  FOG
  FOG W/VISIBILITY <= 1/4 MILE


RELATIVE HUMIDITY (PERCENT)
 HIGHEST   100           300 AM
 LOWEST     80           700 PM
 AVERAGE    90

..........................................................


THE BRADFORD CLIMATE NORMALS FOR TODAY
                         NORMAL    RECORD    YEAR
 MAXIMUM TEMPERATURE (F)   63        81      2000
 MINIMUM TEMPERATURE (F)   38        20      1968


SUNRISE AND SUNSET
MAY  7 2015...........SUNRISE   604 AM EDT   SUNSET   819 PM EDT
MAY  8 2015...........SUNRISE   602 AM EDT   SUNSET   820 PM EDT


-  INDICATES NEGATIVE NUMBERS.
R  INDICATES RECORD WAS SET OR TIED.
MM INDICATES DATA IS MISSING.
T  INDICATES TRACE AMOUNT.




$$
