000
CDUS46 KHNX 260825
CLIBFL


CLIMATE REPORT
NATIONAL WEATHER SERVICE SAN JOAQUIN VALLEY, CA
124 AM PDT SUN APR 26 2015


...................................

...THE BAKERSFIELD CLIMATE SUMMARY FOR APRIL 25 2015...

CLIMATE NORMAL PERIOD 1981 TO 2010
CLIMATE RECORD PERIOD 1889 TO 2015


WEATHER ITEM   OBSERVED TIME   RECORD YEAR NORMAL DEPARTURE
                VALUE   (LST)  VALUE       VALUE  FROM
                                                  NORMAL
...............................................................
TEMPERATURE (F)
 YESTERDAY
  MAXIMUM         71    408 PM  97    1946  78     -7
  MINIMUM         52   1159 PM  32    1893  52      0
  AVERAGE         62                        65     -3

PRECIPITATION (IN)
  YESTERDAY        0.02          0.53 1952   0.01   0.01
  MONTH TO DATE    0.08                      0.46  -0.38
  SINCE OCT 1      4.61                      6.03  -1.42
  SINCE JAN 1      1.94                      4.07  -2.13

SNOWFALL (IN)
  YESTERDAY        0.0
  MONTH TO DATE    0.0
  SINCE MAR 1      0.0
  SINCE JUL 1      0.0
  SNOW DEPTH       0

DEGREE DAYS
 HEATING
  YESTERDAY        3                                0
  MONTH TO DATE   66                              -52
  SINCE MAR 1    150                             -207
  SINCE JUL 1   1285                             -846

 COOLING
  YESTERDAY        0                               -3
  MONTH TO DATE   46                                4
  SINCE MAR 1    117                               66
  SINCE JAN 1    121                               70
...............................................................


WIND (MPH)
  HIGHEST WIND SPEED    21   HIGHEST WIND DIRECTION     N (350)
  HIGHEST GUST SPEED    27   HIGHEST GUST DIRECTION     N (340)
  AVERAGE WIND SPEED     7.5




RELATIVE HUMIDITY (PERCENT)
 HIGHEST    77
 LOWEST     37
 AVERAGE    57

..........................................................


THE BAKERSFIELD CLIMATE NORMALS FOR TODAY
                         NORMAL    RECORD    YEAR
 MAXIMUM TEMPERATURE (F)   78        98      1926
                                             1913
 MINIMUM TEMPERATURE (F)   53        32      1893


SUNRISE AND SUNSET
APRIL 26 2015.........SUNRISE   610 AM PDT   SUNSET   738 PM PDT
APRIL 27 2015.........SUNRISE   609 AM PDT   SUNSET   739 PM PDT


-  INDICATES NEGATIVE NUMBERS.
R  INDICATES RECORD WAS SET OR TIED.
MM INDICATES DATA IS MISSING.
T  INDICATES TRACE AMOUNT.




$$
