000
CDUS44 KAMA 032131
CLIBGD


CLIMATE REPORT
NATIONAL WEATHER SERVICE AMARILLO TX
430 PM CDT SUN MAY 3 2015


...................................

...THE BORGER CLIMATE SUMMARY FOR MAY 3 2015...
VALID TODAY AS OF 0400 PM LOCAL TIME.

CLIMATE NORMAL PERIOD 1981 TO 2013
CLIMATE RECORD PERIOD 1949 TO 2015


WEATHER ITEM   OBSERVED TIME   RECORD YEAR NORMAL DEPARTURE LAST
                VALUE   (LST)  VALUE       VALUE  FROM      YEAR
                                                  NORMAL
..................................................................
TEMPERATURE (F)
 TODAY
  MAXIMUM         88    305 PM  96    1996  77     11       95
  MINIMUM         63    641 AM  29    1954  51     12       55
  AVERAGE         76                        64     12       75

PRECIPITATION (IN)
  TODAY            0.00          0.78 1958   0.05  -0.05     0.00
  MONTH TO DATE    T                         0.14  -0.14      T
  SINCE MAR 1      4.67                      3.09   1.58     0.20
  SINCE JAN 1      6.52                      4.30   2.22     0.58

SNOWFALL (IN)
  TODAY            0.0           2.7  1978                   0.0
  MONTH TO DATE    0.0                                       0.0
  SINCE MAR 1      T                                         2.1
  SINCE JUL 1     17.5                                      14.7
  SNOW DEPTH       0

DEGREE DAYS
 HEATING
  TODAY            0                         4     -4        0
  MONTH TO DATE    0                        12    -12       21
  SINCE MAR 1    501                       722   -221      725
  SINCE JUL 1   3373                      3715   -342     3803

 COOLING
  TODAY           11                         3      8       10
  MONTH TO DATE   21                         8     13       10
  SINCE MAR 1     77                        52     25       75
  SINCE JAN 1     77                        52     25       75
..................................................................


WIND (MPH)
  RESULTANT WIND SPEED  12   RESULTANT WIND DIRECTION   S (200)
  HIGHEST WIND SPEED    21   HIGHEST WIND DIRECTION     S (180)
  HIGHEST GUST SPEED    29   HIGHEST GUST DIRECTION     S (170)
  AVERAGE WIND SPEED    12.7


SKY COVER
  AVERAGE SKY COVER 0.1


WEATHER CONDITIONS
 THE FOLLOWING WEATHER WAS RECORDED TODAY.
  NO SIGNIFICANT WEATHER WAS OBSERVED.


RELATIVE HUMIDITY (PERCENT)
 HIGHEST    48           700 AM
 LOWEST     21           200 PM
 AVERAGE    35

..........................................................


THE BORGER CLIMATE NORMALS FOR TOMORROW
                         NORMAL    RECORD    YEAR
 MAXIMUM TEMPERATURE (F)   77        99      2014
 MINIMUM TEMPERATURE (F)   51        30      1978


SUNRISE AND SUNSET
MAY  3 2015...........SUNRISE   652 AM CDT   SUNSET   834 PM CDT
MAY  4 2015...........SUNRISE   651 AM CDT   SUNSET   835 PM CDT


-  INDICATES NEGATIVE NUMBERS.
R  INDICATES RECORD WAS SET OR TIED.
MM INDICATES DATA IS MISSING.
T  INDICATES TRACE AMOUNT.




$$
