000
CDUS45 KVEF 060826
CLIBIH


CLIMATE REPORT
NATIONAL WEATHER SERVICE LAS VEGAS, NV
125 AM PDT WED MAY 6 2015


...................................

...THE BISHOP CA CLIMATE SUMMARY FOR MAY 5 2015...

CLIMATE NORMAL PERIOD 1981 TO 2010
CLIMATE RECORD PERIOD 1943 TO 2015


WEATHER ITEM   OBSERVED TIME   RECORD YEAR NORMAL DEPARTURE LAST
                VALUE   (LST)  VALUE       VALUE  FROM      YEAR
                                                  NORMAL
..................................................................
TEMPERATURE (F)
 YESTERDAY
  MAXIMUM         84    208 PM 100    1946  79      5       81
  MINIMUM         43    424 AM  28    1983  42      1       49
                                      1975
  AVERAGE         64                        60      4       65

PRECIPITATION (IN)
  YESTERDAY        T             0.22 1971   0.01  -0.01      T
  MONTH TO DATE    T                         0.03  -0.03      T
  SINCE OCT 1      0.74                      4.34  -3.60     2.24
  SINCE JAN 1      0.28                      2.72  -2.44     2.02

SNOWFALL (IN)
  YESTERDAY       MM             0.4  1988   0.0   MM        0.0
  MONTH TO DATE    0.0                       0.0    0.0      0.0
  SINCE MAR 1      T                         0.9   -0.9      0.1
  SINCE JUL 1      T                         6.8   -6.8      0.6
  SNOW DEPTH       0

DEGREE DAYS
 HEATING
  YESTERDAY        1                         6     -5        0
  MONTH TO DATE    3                        31    -28        5
  SINCE MAR 1    553                       866   -313      649
  SINCE JUL 1   2994                      4073  -1079     3599

 COOLING
  YESTERDAY        0                         1     -1        0
  MONTH TO DATE    1                         3     -2        3
  SINCE MAR 1      5                         7     -2        7
  SINCE JAN 1      5                         7     -2        7
..................................................................


WIND (MPH)
  RESULTANT WIND SPEED   1   RESULTANT WIND DIRECTION  NW (300)
  HIGHEST WIND SPEED    28   HIGHEST WIND DIRECTION    SW (220)
  HIGHEST GUST SPEED    36   HIGHEST GUST DIRECTION    SW (220)
  AVERAGE WIND SPEED     7.4


SKY COVER
  POSSIBLE SUNSHINE  MM
  AVERAGE SKY COVER 0.1


WEATHER CONDITIONS
 THE FOLLOWING WEATHER WAS RECORDED YESTERDAY.
  NO SIGNIFICANT WEATHER WAS OBSERVED.


RELATIVE HUMIDITY (PERCENT)
 HIGHEST    62           400 AM
 LOWEST      8           100 PM
 AVERAGE    35

..........................................................


THE BISHOP CA CLIMATE NORMALS FOR TODAY
                         NORMAL    RECORD    YEAR
 MAXIMUM TEMPERATURE (F)   79        94      1989
 MINIMUM TEMPERATURE (F)   42        29      1988


SUNRISE AND SUNSET
MAY  6 2015...........SUNRISE   553 AM PDT   SUNSET   747 PM PDT
MAY  7 2015...........SUNRISE   552 AM PDT   SUNSET   748 PM PDT


-  INDICATES NEGATIVE NUMBERS.
R  INDICATES RECORD WAS SET OR TIED.
MM INDICATES DATA IS MISSING.
T  INDICATES TRACE AMOUNT.




$$
