000
CDUS46 KSEW 190830
CLIBLI


CLIMATE REPORT
NATIONAL WEATHER SERVICE SEATTLE WA
130 AM PDT SUN APR 19 2015


...................................

...THE BELLINGHAM WA AIRPORT CLIMATE SUMMARY FOR APRIL 18 2015...

CLIMATE NORMAL PERIOD 1981 TO 2010
CLIMATE RECORD PERIOD 1949 TO 2015


WEATHER ITEM   OBSERVED TIME   RECORD YEAR NORMAL DEPARTURE LAST
                VALUE   (LST)  VALUE       VALUE  FROM      YEAR
                                                  NORMAL
..................................................................
TEMPERATURE (F)
 YESTERDAY
  MAXIMUM         65   1258 PM  74    1962  57      8       55
  MINIMUM         39    539 AM  30    1966  40     -1       42
                                      1964
                                      1955
  AVERAGE         52                        49      3       49

PRECIPITATION (IN)
  YESTERDAY        0.00          0.47 2013   0.09  -0.09     0.00
  MONTH TO DATE    0.42                      1.72  -1.30     1.50
  SINCE OCT 1     27.89                     26.33   1.56    22.78
  SINCE JAN 1     13.16                     12.63   0.53    12.47

DEGREE DAYS
 HEATING
  YESTERDAY       13                        16     -3       16
  MONTH TO DATE  313                       313      0      262
  SINCE MAR 1    816                       956   -140      855

 COOLING
  YESTERDAY        0                         0      0        0
  MONTH TO DATE    0                         0      0        0
  SINCE MAR 1      0                         0      0        0
  SINCE JAN 1      0                         0      0        0
..................................................................


WIND (MPH)
  RESULTANT WIND SPEED   1   RESULTANT WIND DIRECTION  NW (300)
  HIGHEST WIND SPEED    13   HIGHEST WIND DIRECTION     W (290)
  HIGHEST GUST SPEED    17   HIGHEST GUST DIRECTION    NW (300)
  AVERAGE WIND SPEED     2.3


SKY COVER
  AVERAGE SKY COVER 0.0


WEATHER CONDITIONS
 THE FOLLOWING WEATHER WAS RECORDED YESTERDAY.
  NO SIGNIFICANT WEATHER WAS OBSERVED.


RELATIVE HUMIDITY (PERCENT)
 HIGHEST    93           600 AM
 LOWEST     44           100 PM
 AVERAGE    69

..........................................................


THE BELLINGHAM WA AIRPORT CLIMATE NORMALS FOR TODAY
                         NORMAL    RECORD    YEAR
 MAXIMUM TEMPERATURE (F)   57        73      2010
 MINIMUM TEMPERATURE (F)   40        28      1951


SUNRISE AND SUNSET
APRIL 19 2015.........SUNRISE   612 AM PDT   SUNSET   808 PM PDT
APRIL 20 2015.........SUNRISE   610 AM PDT   SUNSET   809 PM PDT


-  INDICATES NEGATIVE NUMBERS.
R  INDICATES RECORD WAS SET OR TIED.
MM INDICATES DATA IS MISSING.
T  INDICATES TRACE AMOUNT.




$$
