000
CDUS45 KRIW 210733
CLIBPI


CLIMATE REPORT
NATIONAL WEATHER SERVICE RIVERTON WY
133 AM MDT TUE APR 21 2015


...................................

...THE BIG PINEY WY CLIMATE SUMMARY FOR APRIL 20 2015...

CLIMATE NORMAL PERIOD 1981 TO 2010
CLIMATE RECORD PERIOD 1976 TO 2015


WEATHER ITEM   OBSERVED TIME   RECORD YEAR NORMAL DEPARTURE LAST
                VALUE   (LST)  VALUE       VALUE  FROM      YEAR
                                                  NORMAL
..................................................................
TEMPERATURE (F)
 YESTERDAY
  MAXIMUM         60    305 PM  72    1994  54      6       63
  MINIMUM         23    532 AM  11    2008  23      0       23
  AVERAGE         42                        38      4       43

PRECIPITATION (IN)
  YESTERDAY        T             0.23 2002   0.02  -0.02     0.00
  MONTH TO DATE    0.12                      0.32  -0.20     0.02
  SINCE MAR 1      0.18                      0.76  -0.58     0.14
  SINCE JAN 1      0.24                      1.42  -1.18     0.18

DEGREE DAYS
 HEATING
  YESTERDAY       23                        27     -4       22
  MONTH TO DATE  579                       584     -5      588
  SINCE MAR 1   1509                      1756   -247     1647
  SINCE JUL 1   7609                      9279  -1670     8591

 COOLING
  YESTERDAY        0                         0      0        0
  MONTH TO DATE    0                         0      0        0
  SINCE MAR 1      0                         0      0        0
  SINCE JAN 1      0                         0      0        0
..................................................................


WIND (MPH)
  HIGHEST WIND SPEED    22   HIGHEST WIND DIRECTION     N (340)
  HIGHEST GUST SPEED    31   HIGHEST GUST DIRECTION     N (350)
  AVERAGE WIND SPEED     8.7


SKY COVER
  POSSIBLE SUNSHINE  MM
  AVERAGE SKY COVER 0.3


WEATHER CONDITIONS
 THE FOLLOWING WEATHER WAS RECORDED YESTERDAY.
  LIGHT SNOW


RELATIVE HUMIDITY (PERCENT)
 HIGHEST    88           600 AM
 LOWEST     14           200 PM
 AVERAGE    51

..........................................................


THE BIG PINEY WY CLIMATE NORMALS FOR TODAY
                         NORMAL    RECORD    YEAR
 MAXIMUM TEMPERATURE (F)   54        75      1994
 MINIMUM TEMPERATURE (F)   23         4      2008


SUNRISE AND SUNSET
APRIL 21 2015.........SUNRISE   630 AM MDT   SUNSET   809 PM MDT
APRIL 22 2015.........SUNRISE   628 AM MDT   SUNSET   810 PM MDT


-  INDICATES NEGATIVE NUMBERS.
R  INDICATES RECORD WAS SET OR TIED.
MM INDICATES DATA IS MISSING.
T  INDICATES TRACE AMOUNT.




$$
