000
CDUS41 KLWX 202139
CLIBWI


CLIMATE REPORT
NATIONAL WEATHER SERVICE BALTIMORE MD/WASHINGTON DC
537 PM EDT MON APR 20 2015


...................................

...THE BALTIMORE MD CLIMATE SUMMARY FOR APRIL 20 2015...
VALID TODAY AS OF 0500 PM LOCAL TIME.

CLIMATE NORMAL PERIOD 1981 TO 2010
CLIMATE RECORD PERIOD 1870 TO 2015


WEATHER ITEM   OBSERVED TIME   RECORD YEAR NORMAL DEPARTURE LAST
                VALUE   (LST)  VALUE       VALUE  FROM      YEAR
                                                  NORMAL
..................................................................
TEMPERATURE (F)
 TODAY
  MAXIMUM         79    210 PM  94    1941  66     13       61
  MINIMUM         52   1222 AM  27    1904  44      8       43
  AVERAGE         66                        55     11       52

PRECIPITATION (IN)
  TODAY            1.20          2.24 1940   0.10   1.10     0.00
  MONTH TO DATE    3.52                      2.15   1.37     3.09
  SINCE MAR 1      8.19                      6.05   2.14     7.47
  SINCE JAN 1     14.32                     12.00   2.32    14.76

SNOWFALL (IN)
  TODAY            0.0           T    1983   0.0    0.0
                                      1953
  MONTH TO DATE    0.0                       0.0    0.0
  SINCE JUL 1     28.7                      20.1    8.6
  SNOW DEPTH       0

DEGREE DAYS
 HEATING
  TODAY            0                        10    -10       13
  MONTH TO DATE  191                       265    -74      254
  SINCE MAR 1    968                       931     37     1067
  SINCE JUL 1   4783                      4526    257     4824

 COOLING
  TODAY            1                         1      0        0
  MONTH TO DATE    5                         2      3        7
  SINCE MAR 1      5                         3      2        7
  SINCE JAN 1      5                         3      2        7
..................................................................


WIND (MPH)
  HIGHEST WIND SPEED    23   HIGHEST WIND DIRECTION     E (100)
  HIGHEST GUST SPEED    31   HIGHEST GUST DIRECTION     E (90)
  AVERAGE WIND SPEED    10.6


SKY COVER
  POSSIBLE SUNSHINE  MM
  AVERAGE SKY COVER 0.9


WEATHER CONDITIONS
 THE FOLLOWING WEATHER WAS RECORDED TODAY.
  HEAVY RAIN
  RAIN
  LIGHT RAIN
  FOG


RELATIVE HUMIDITY (PERCENT)
 HIGHEST   100           300 AM
 LOWEST     48           200 PM
 AVERAGE    74

..........................................................


THE BALTIMORE MD CLIMATE NORMALS FOR TOMORROW
                         NORMAL    RECORD    YEAR
 MAXIMUM TEMPERATURE (F)   67        88      1957
 MINIMUM TEMPERATURE (F)   44        29      1956


SUNRISE AND SUNSET
APRIL 20 2015.........SUNRISE   623 AM EDT   SUNSET   749 PM EDT
APRIL 21 2015.........SUNRISE   622 AM EDT   SUNSET   750 PM EDT


-  INDICATES NEGATIVE NUMBERS.
R  INDICATES RECORD WAS SET OR TIED.
MM INDICATES DATA IS MISSING.
T  INDICATES TRACE AMOUNT.




$$
