000
CDUS45 KRIW 030736
CLIBYG


CLIMATE REPORT
NATIONAL WEATHER SERVICE RIVERTON WY
126 AM MDT SUN MAY 3 2015


...................................

...THE BUFFALO WY CLIMATE SUMMARY FOR MAY 2 2015...

CLIMATE NORMAL PERIOD 1981 TO 2010
CLIMATE RECORD PERIOD 1998 TO 2015


WEATHER ITEM   OBSERVED TIME   RECORD YEAR NORMAL DEPARTURE LAST
                VALUE   (LST)  VALUE       VALUE  FROM      YEAR
                                                  NORMAL
..................................................................
TEMPERATURE (F)
 YESTERDAY
  MAXIMUM         74    436 PM  82    2000  59     15       68
  MINIMUM         48    138 AM  17    2005  38     10       42
  AVERAGE         61                        48     13       55

PRECIPITATION (IN)
  YESTERDAY        0.00          0.08 2008   0.06  -0.06     0.00
  MONTH TO DATE    0.00                      0.12  -0.12     0.00
  SINCE MAR 1      0.86                      2.34  -1.48     1.72
  SINCE JAN 1      1.50                      3.11  -1.61     2.08

DEGREE DAYS
 HEATING
  YESTERDAY        4                        17    -13       10
  MONTH TO DATE   14                        34    -20       29
  SINCE MAR 1   1269                      1638   -369     1687
  SINCE JUL 1   5965                      6878   -913     6931

 COOLING
  YESTERDAY        0                         0      0        0
  MONTH TO DATE    0                         0      0        0
  SINCE MAR 1      0                         0      0        0
  SINCE JAN 1      0                         0      0        0
..................................................................


WIND (MPH)
  HIGHEST WIND SPEED    22   HIGHEST WIND DIRECTION    NW (330)
  HIGHEST GUST SPEED    28   HIGHEST GUST DIRECTION    NW (330)
  AVERAGE WIND SPEED     7.5


SKY COVER
  POSSIBLE SUNSHINE  MM
  AVERAGE SKY COVER 0.0


WEATHER CONDITIONS
 THE FOLLOWING WEATHER WAS RECORDED YESTERDAY.
  NO SIGNIFICANT WEATHER WAS OBSERVED.


RELATIVE HUMIDITY (PERCENT)
 HIGHEST    38           800 PM
 LOWEST     15           700 AM
 AVERAGE    27

..........................................................


THE BUFFALO WY CLIMATE NORMALS FOR TODAY
                         NORMAL    RECORD    YEAR
 MAXIMUM TEMPERATURE (F)   60        76      2000
 MINIMUM TEMPERATURE (F)   38        25      2005


SUNRISE AND SUNSET
MAY  3 2015...........SUNRISE   555 AM MDT   SUNSET   813 PM MDT
MAY  4 2015...........SUNRISE   554 AM MDT   SUNSET   814 PM MDT


-  INDICATES NEGATIVE NUMBERS.
R  INDICATES RECORD WAS SET OR TIED.
MM INDICATES DATA IS MISSING.
T  INDICATES TRACE AMOUNT.




$$
