000
CDUS45 KTFX 270934
CLIBZN


CLIMATE REPORT
NATIONAL WEATHER SERVICE GREAT FALLS MT
333 AM MDT MON APR 27 2015


...................................

...THE BOZEMAN/GALLATIN FIELD MT CLIMATE SUMMARY FOR APRIL 26 2015...

CLIMATE NORMAL PERIOD 1981 TO 2010
CLIMATE RECORD PERIOD 1935 TO 2015


WEATHER ITEM   OBSERVED TIME   RECORD YEAR NORMAL DEPARTURE LAST
                VALUE   (LST)  VALUE       VALUE  FROM      YEAR
                                                  NORMAL
..................................................................
TEMPERATURE (F)
 YESTERDAY
  MAXIMUM         44   1057 AM  81    1946  62    -18       52
  MINIMUM         37   1159 PM  21    1998  33      4       37
  AVERAGE         41                        48     -7       45

PRECIPITATION (IN)
  YESTERDAY        0.15          0.81 1943   0.06   0.09     0.22
  MONTH TO DATE    1.71                      1.35   0.36     0.69
  SINCE OCT 1      4.48                      5.58  -1.10     4.18
  SINCE JAN 1      2.55                      3.20  -0.65     3.13

SNOWFALL (IN)
  YESTERDAY        0.0           4.0  1976   0.1   -0.1      0.0
  MONTH TO DATE    5.0                       6.8   -1.8      0.3
  SINCE MAR 1      7.0                      14.5   -7.5      4.8
  SINCE JUL 1     37.4                      36.8    0.6     29.8
  SNOW DEPTH       0

DEGREE DAYS
 HEATING
  YESTERDAY       24                        17      7       20
  MONTH TO DATE  626                       532     94      575
  SINCE MAR 1   1382                      1416    -34     1546
  SINCE JUL 1   6964                      6996    -32     7561

 COOLING
  YESTERDAY        0                         0      0        0
  MONTH TO DATE    0                         0      0        0
  SINCE MAR 1      0                         0      0        0
  SINCE JAN 1      0                         0      0        0
..................................................................


WIND (MPH)
  HIGHEST WIND SPEED    14   HIGHEST WIND DIRECTION     W (280)
  HIGHEST GUST SPEED    17   HIGHEST GUST DIRECTION     S (200)
  AVERAGE WIND SPEED     7.3


SKY COVER
  AVERAGE SKY COVER 1.0


WEATHER CONDITIONS
 THE FOLLOWING WEATHER WAS RECORDED YESTERDAY.
  LIGHT RAIN
  FOG
  HAZE


RELATIVE HUMIDITY (PERCENT)
 HIGHEST    92
 LOWEST     65
 AVERAGE    79

..........................................................


THE BOZEMAN/GALLATIN FIELD MT CLIMATE NORMALS FOR TODAY
                         NORMAL    RECORD    YEAR
 MAXIMUM TEMPERATURE (F)   63        83      1987
 MINIMUM TEMPERATURE (F)   34        19      1996
                                             1943


SUNRISE AND SUNSET
APRIL 27 2015.........SUNRISE   619 AM MDT   SUNSET   827 PM MDT
APRIL 28 2015.........SUNRISE   617 AM MDT   SUNSET   828 PM MDT


-  INDICATES NEGATIVE NUMBERS.
R  INDICATES RECORD WAS SET OR TIED.
MM INDICATES DATA IS MISSING.
T  INDICATES TRACE AMOUNT.




$$
