000
CDUS45 KTFX 012236
CLIBZN


CLIMATE REPORT
NATIONAL WEATHER SERVICE GREAT FALLS MT
435 PM MDT WED APR 1 2015


...................................

...THE BOZEMAN/GALLATIN FIELD MT CLIMATE SUMMARY FOR APRIL 1 2015...
VALID TODAY AS OF 0400 PM LOCAL TIME.

CLIMATE NORMAL PERIOD 1981 TO 2010
CLIMATE RECORD PERIOD 1935 TO 2015


WEATHER ITEM   OBSERVED TIME   RECORD YEAR NORMAL DEPARTURE LAST
                VALUE   (LST)  VALUE       VALUE  FROM      YEAR
                                                  NORMAL
..................................................................
TEMPERATURE (F)
 TODAY
  MAXIMUM         44   1150 AM  73    1966  55    -11       50
  MINIMUM         32    701 AM  -5    1936  28      4       22
  AVERAGE         38                        42     -4       36

PRECIPITATION (IN)
  TODAY            0.03          0.33 1982   0.04  -0.01     0.00
  MONTH TO DATE    0.03                      0.04  -0.01     0.00
  SINCE OCT 1      2.80                      4.27  -1.47     3.49
  SINCE JAN 1      0.87                      1.89  -1.02     2.44

SNOWFALL (IN)
  TODAY            T             2.4  1982   0.3   -0.3      0.0
  MONTH TO DATE    T                         0.3   -0.3      0.0
  SINCE MAR 1      2.0                       8.0   -6.0      4.5
  SINCE JUL 1     32.4                      30.3    2.1     29.5
  SNOW DEPTH       0

DEGREE DAYS
 HEATING
  TODAY           27                        24      3       29
  MONTH TO DATE   27                        24      3       29
  SINCE MAR 1    783                       908   -125     1000
  SINCE JUL 1   6365                      6488   -123     7015

 COOLING
  TODAY            0                         0      0        0
  MONTH TO DATE    0                         0      0        0
  SINCE MAR 1      0                         0      0        0
  SINCE JAN 1      0                         0      0        0
..................................................................


WIND (MPH)
  HIGHEST WIND SPEED    28   HIGHEST WIND DIRECTION     W (280)
  HIGHEST GUST SPEED    33   HIGHEST GUST DIRECTION     W (260)
  AVERAGE WIND SPEED     9.2


SKY COVER
  AVERAGE SKY COVER 0.6


WEATHER CONDITIONS
 THE FOLLOWING WEATHER WAS RECORDED TODAY.
  LIGHT SNOW
  FOG


RELATIVE HUMIDITY (PERCENT)
 HIGHEST    92           700 AM
 LOWEST     34           200 PM
 AVERAGE    63

..........................................................


THE BOZEMAN/GALLATIN FIELD MT CLIMATE NORMALS FOR TOMORROW
                         NORMAL    RECORD    YEAR
 MAXIMUM TEMPERATURE (F)   55        74      1943
 MINIMUM TEMPERATURE (F)   28        -5      1936


SUNRISE AND SUNSET
APRIL  1 2015.........SUNRISE   705 AM MDT   SUNSET   753 PM MDT
APRIL  2 2015.........SUNRISE   703 AM MDT   SUNSET   754 PM MDT


-  INDICATES NEGATIVE NUMBERS.
R  INDICATES RECORD WAS SET OR TIED.
MM INDICATES DATA IS MISSING.
T  INDICATES TRACE AMOUNT.




$$
