000
CDUS45 KSLC 210016
CLICDC


CLIMATE REPORT
NATIONAL WEATHER SERVICE SALT LAKE CITY UT
616 PM MDT MON APR 20 2015


...................................

...THE CEDAR CITY UT CLIMATE SUMMARY FOR APRIL 20 2015...
VALID TODAY AS OF 0500 PM LOCAL TIME.

CLIMATE NORMAL PERIOD 1981 TO 2010
CLIMATE RECORD PERIOD 1928 TO 2015


WEATHER ITEM   OBSERVED TIME   RECORD YEAR NORMAL DEPARTURE LAST
                VALUE   (LST)  VALUE       VALUE  FROM      YEAR
                                                  NORMAL
..................................................................
TEMPERATURE (F)
 TODAY
  MAXIMUM         73    229 PM  81    1994  63     10       73
  MINIMUM         30    457 AM   8    1966  33     -3       43
  AVERAGE         52                        48      4       58

PRECIPITATION (IN)
  TODAY            0.00          0.83 1988   0.03  -0.03      T
  MONTH TO DATE    0.12                      0.76  -0.64      T
  SINCE OCT 1      5.30                      7.08  -1.78     3.30
  SINCE JAN 1      3.17                      3.97  -0.80     1.36

DEGREE DAYS
 HEATING
  TODAY           13                        17     -4        7
  MONTH TO DATE  393                       397     -4      331
  SINCE MAR 1   1034                      1169   -135     1061
  SINCE JUL 1   4872                      5731   -859     5648

 COOLING
  TODAY            0                         0      0        0
  MONTH TO DATE    0                         0      0        0
  SINCE MAR 1      0                         0      0        0
  SINCE JAN 1      0                         0      0        0
..................................................................


WIND (MPH)
  RESULTANT WIND SPEED   1   RESULTANT WIND DIRECTION   W (290)
  HIGHEST WIND SPEED    21   HIGHEST WIND DIRECTION    NW (300)
  HIGHEST GUST SPEED    28   HIGHEST GUST DIRECTION    NW (320)
  AVERAGE WIND SPEED     5.1



WEATHER CONDITIONS
 THE FOLLOWING WEATHER WAS RECORDED TODAY.
  NO SIGNIFICANT WEATHER WAS OBSERVED.


RELATIVE HUMIDITY (PERCENT)
 HIGHEST    69           500 AM
 LOWEST      9           200 PM
 AVERAGE    39

..........................................................


THE CEDAR CITY UT CLIMATE NORMALS FOR TOMORROW
                         NORMAL    RECORD    YEAR
 MAXIMUM TEMPERATURE (F)   63        81      2012
                                             1989
 MINIMUM TEMPERATURE (F)   33        18      2008


SUNRISE AND SUNSET
APRIL 20 2015.........SUNRISE   651 AM MDT   SUNSET   812 PM MDT
APRIL 21 2015.........SUNRISE   649 AM MDT   SUNSET   813 PM MDT


-  INDICATES NEGATIVE NUMBERS.
R  INDICATES RECORD WAS SET OR TIED.
MM INDICATES DATA IS MISSING.
T  INDICATES TRACE AMOUNT.




$$
