000
CDUS44 KLUB 280129
CLICDS


CLIMATE REPORT
NATIONAL WEATHER SERVICE LUBBOCK, TX
828 PM CDT MON APR 27 2015


...................................

...THE CHILDRESS CLIMATE SUMMARY FOR APRIL 27 2015...
VALID TODAY AS OF 0800 PM LOCAL TIME.

CLIMATE NORMAL PERIOD 1981 TO 2010
CLIMATE RECORD PERIOD 1893 TO 2015


WEATHER ITEM   OBSERVED TIME   RECORD YEAR NORMAL DEPARTURE LAST
                VALUE   (LST)  VALUE       VALUE  FROM      YEAR
                                                  NORMAL
..................................................................
TEMPERATURE (F)
 TODAY
  MAXIMUM         58   1130 AM  96    1956  80    -22       81
  MINIMUM         47    727 PM  38    1994  52     -5       59
                                      1973
  AVERAGE         53                        66    -13       70

PRECIPITATION (IN)
  TODAY            1.24          1.69 1951   0.09   1.15     0.00
  MONTH TO DATE    4.39                      1.86   2.53     1.53
  SINCE MAR 1      4.53                      3.39   1.14     1.99
  SINCE JAN 1      5.70                      5.17   0.53     2.35

SNOWFALL (IN)
  TODAY            0.0                       0.0    0.0      0.0
  MONTH TO DATE    0.0                       0.2   -0.2      0.0
  SINCE MAR 1      0.0                       0.6   -0.6       T
  SINCE JUL 1      2.0                       7.0   -5.0      9.5
  SNOW DEPTH       0

DEGREE DAYS
 HEATING
  TODAY           12                         3      9        0
  MONTH TO DATE   84                       145    -61      131
  SINCE MAR 1    418                       520   -102      589
  SINCE JUL 1   2915                      3080   -165     3405

 COOLING
  TODAY            0                         4     -4        5
  MONTH TO DATE   79                        60     19       84
  SINCE MAR 1     96                        78     18       94
  SINCE JAN 1     96                        79     17       94
..................................................................


WIND (MPH)
  RESULTANT WIND SPEED  13   RESULTANT WIND DIRECTION   N (20)
  HIGHEST WIND SPEED    24   HIGHEST WIND DIRECTION     N (20)
  HIGHEST GUST SPEED    34   HIGHEST GUST DIRECTION     N (20)
  AVERAGE WIND SPEED    14.9


SKY COVER
  AVERAGE SKY COVER 1.0


WEATHER CONDITIONS
 THE FOLLOWING WEATHER WAS RECORDED TODAY.
  THUNDERSTORM
  HEAVY RAIN
  RAIN
  LIGHT RAIN
  FOG


RELATIVE HUMIDITY (PERCENT)
 HIGHEST    96           900 AM
 LOWEST     72          1200 PM
 AVERAGE    84

..........................................................


THE CHILDRESS CLIMATE NORMALS FOR TOMORROW
                         NORMAL    RECORD    YEAR
 MAXIMUM TEMPERATURE (F)   80        98      1898
 MINIMUM TEMPERATURE (F)   52        38      1994
                                             1969


SUNRISE AND SUNSET
APRIL 27 2015.........SUNRISE   656 AM CDT   SUNSET   822 PM CDT
APRIL 28 2015.........SUNRISE   655 AM CDT   SUNSET   823 PM CDT


-  INDICATES NEGATIVE NUMBERS.
R  INDICATES RECORD WAS SET OR TIED.
MM INDICATES DATA IS MISSING.
T  INDICATES TRACE AMOUNT.




$$
