000
CDUS41 KLWX 070525
CLICHO


CLIMATE REPORT
NATIONAL WEATHER SERVICE BALTIMORE MD/WASHINGTON DC
124 AM EDT THU MAY 7 2015


...................................

...THE CHARLOTTESVILLE VA CLIMATE SUMMARY FOR MAY 6 2015...

CLIMATE NORMAL PERIOD 1981 TO 2010
CLIMATE RECORD PERIOD 1889 TO 2015


WEATHER ITEM   OBSERVED TIME   RECORD YEAR NORMAL DEPARTURE LAST
                VALUE   (LST)  VALUE       VALUE  FROM      YEAR
                                                  NORMAL
..................................................................
TEMPERATURE (F)
 YESTERDAY
  MAXIMUM         84    414 PM  MM      MM  73     11       76
  MINIMUM         59    428 AM  MM      MM  49     10       49
  AVERAGE         72                        60     12       63

PRECIPITATION (IN)
  YESTERDAY        0.42                      0.11   0.31     0.00
  MONTH TO DATE    0.78                      0.65   0.13     0.05
  SINCE MAR 1      8.96                      7.67   1.29     8.37
  SINCE JAN 1     11.62                     13.14  -1.52    13.46

DEGREE DAYS
 HEATING
  YESTERDAY        0                         6     -6        2
  MONTH TO DATE   15                        37    -22       22
  SINCE MAR 1    865                       937    -72     1044
  SINCE JUL 1   4380                      4349     31     4553

 COOLING
  YESTERDAY        7                         1      6        0
  MONTH TO DATE   12                         6      6        3
  SINCE MAR 1     20                        27     -7       12
  SINCE JAN 1     20                        27     -7       12
..................................................................


WIND (MPH)
  HIGHEST WIND SPEED    20   HIGHEST WIND DIRECTION    NE (60)
  HIGHEST GUST SPEED    26   HIGHEST GUST DIRECTION     E (80)
  AVERAGE WIND SPEED     4.3


SKY COVER
  POSSIBLE SUNSHINE  MM
  AVERAGE SKY COVER 0.5


WEATHER CONDITIONS
 THE FOLLOWING WEATHER WAS RECORDED YESTERDAY.
  THUNDERSTORM
  HEAVY RAIN
  RAIN
  FOG


RELATIVE HUMIDITY (PERCENT)
 HIGHEST   100           300 AM
 LOWEST     46           500 PM
 AVERAGE    73

..........................................................


THE CHARLOTTESVILLE VA CLIMATE NORMALS FOR TODAY
                         NORMAL    RECORD    YEAR
 MAXIMUM TEMPERATURE (F)   73        MM        MM
 MINIMUM TEMPERATURE (F)   49        MM        MM


SUNRISE AND SUNSET
MAY  7 2015...........SUNRISE   611 AM EDT   SUNSET   810 PM EDT
MAY  8 2015...........SUNRISE   610 AM EDT   SUNSET   811 PM EDT


-  INDICATES NEGATIVE NUMBERS.
R  INDICATES RECORD WAS SET OR TIED.
MM INDICATES DATA IS MISSING.
T  INDICATES TRACE AMOUNT.




$$
