000
CDUS44 KHGX 030720
CLICLL


CLIMATE REPORT
NATIONAL WEATHER SERVICE HOUSTON/GALVESTON TX
220 AM CDT SUN MAY 3 2015


...................................

...THE COLLEGE STATION CLIMATE SUMMARY FOR MAY 2 2015...

CLIMATE NORMAL PERIOD 1981 TO 2010
CLIMATE RECORD PERIOD 1902 TO 2015


WEATHER ITEM   OBSERVED TIME   RECORD YEAR NORMAL DEPARTURE LAST
                VALUE   (LST)  VALUE       VALUE  FROM      YEAR
                                                  NORMAL
..................................................................
TEMPERATURE (F)
 YESTERDAY
  MAXIMUM         82    343 PM  95    1964  83     -1       82
  MINIMUM         58    545 AM  46    1929  63     -5       51
  AVERAGE         70                        73     -3       67

PRECIPITATION (IN)
  YESTERDAY        0.00          2.87 1916   0.13  -0.13     0.00
  MONTH TO DATE    0.00                      0.26  -0.26     0.00
  SINCE MAR 1     10.63                      6.09   4.54     2.84
  SINCE JAN 1     18.04                     12.18   5.86     5.02

SNOWFALL (IN)
  YESTERDAY        0.0
  MONTH TO DATE    0.0
  SINCE JUL 1      T

DEGREE DAYS
 HEATING
  YESTERDAY        0                         0      0        0
  MONTH TO DATE    0                         0      0        4
  SINCE MAR 1    227                       219      8      336
  SINCE JUL 1   1768                      1606    162     2060

 COOLING
  YESTERDAY        5                         8     -3        2
  MONTH TO DATE   10                        16     -6        2
  SINCE MAR 1    248                       227     21      189
  SINCE JAN 1    249                       255     -6      210
..................................................................


WIND (MPH)
  HIGHEST WIND SPEED    14   HIGHEST WIND DIRECTION    SE (140)
  HIGHEST GUST SPEED    21   HIGHEST GUST DIRECTION     S (160)
  AVERAGE WIND SPEED     5.5


SKY COVER
  AVERAGE SKY COVER 0.1


WEATHER CONDITIONS
 THE FOLLOWING WEATHER WAS RECORDED YESTERDAY.
  NO SIGNIFICANT WEATHER WAS OBSERVED.


RELATIVE HUMIDITY (PERCENT)
 HIGHEST    84           400 AM
 LOWEST     36           200 PM
 AVERAGE    60

..........................................................


THE COLLEGE STATION CLIMATE NORMALS FOR TODAY
                         NORMAL    RECORD    YEAR
 MAXIMUM TEMPERATURE (F)   83        93      1920
 MINIMUM TEMPERATURE (F)   63        43      2013


SUNRISE AND SUNSET
MAY  3 2015...........SUNRISE   640 AM CDT   SUNSET   805 PM CDT
MAY  4 2015...........SUNRISE   639 AM CDT   SUNSET   806 PM CDT


-  INDICATES NEGATIVE NUMBERS.
R  INDICATES RECORD WAS SET OR TIED.
MM INDICATES DATA IS MISSING.
T  INDICATES TRACE AMOUNT.




$$
