000
CDUS42 KGSP 172032
CLICLT

CLIMATE REPORT
NATIONAL WEATHER SERVICE GREENVILLE-SPARTANBURG SC
431 PM EDT FRI APR 17 2015


...................................

...THE CHARLOTTE NC CLIMATE SUMMARY FOR APRIL 17 2015...VALID TODAY
AS OF 430 PM LOCAL TIME.

CLIMATE NORMAL PERIOD 1981 TO 2010
CLIMATE RECORD PERIOD 1878 TO 2015


WEATHER ITEM   OBSERVED TIME   RECORD YEAR NORMAL DEPARTURE LAST
                VALUE   (LST)  VALUE       VALUE  FROM      YEAR
                                                  NORMAL
..................................................................
TEMPERATURE (F)
 TODAY
  MAXIMUM         69    329 PM  94    1896  72     -3       64
  MINIMUM         54    451 AM  30    1949  47      7       37
  AVERAGE         62                        60      2       51

PRECIPITATION (IN)
  TODAY            0.03          1.51 1895   0.10  -0.07     0.00
  MONTH TO DATE    2.79                      1.73   1.06     3.61
  SINCE MAR 1      4.98                      5.74  -0.76     8.09
  SINCE JAN 1     10.80                     12.47  -1.67    15.01

SNOWFALL (IN)
  TODAY            0.0           T    2001   0.0    0.0      0.0
  MONTH TO DATE    0.0                       0.0    0.0      0.0
  SINCE MAR 1      0.0                       0.6   -0.6       T
  SINCE JUL 1      3.1                       4.3   -1.2      9.3
  SNOW DEPTH       0

DEGREE DAYS
 HEATING
  TODAY            3                         6     -3       14
  MONTH TO DATE   52                       136    -84       98
  SINCE MAR 1    388                       569   -181      639
  SINCE JUL 1   3159                      3268   -109     3315

 COOLING
  TODAY            0                         1     -1        0
  MONTH TO DATE   47                        16     31       22
  SINCE MAR 1     54                        21     33       22
  SINCE JAN 1     54                        21     33       23
..................................................................


WIND (MPH)
  HIGHEST WIND SPEED     8   HIGHEST WIND DIRECTION     N (10)
  HIGHEST GUST SPEED    12   HIGHEST GUST DIRECTION    NE (60)
  AVERAGE WIND SPEED     3.3


SKY COVER
  POSSIBLE SUNSHINE  MM
  AVERAGE SKY COVER 0.9


WEATHER CONDITIONS
 THE FOLLOWING WEATHER WAS RECORDED TODAY.
  LIGHT RAIN
  FOG


RELATIVE HUMIDITY (PERCENT)
 HIGHEST   100           300 AM
 LOWEST     73           100 PM
 AVERAGE    87

..........................................................


THE CHARLOTTE NC CLIMATE NORMALS FOR TOMORROW
                         NORMAL    RECORD    YEAR
 MAXIMUM TEMPERATURE (F)   73        93      1896
 MINIMUM TEMPERATURE (F)   48        32      2001


SUNRISE AND SUNSET
APRIL 17 2015.........SUNRISE   649 AM EDT   SUNSET   758 PM EDT
APRIL 18 2015.........SUNRISE   648 AM EDT   SUNSET   759 PM EDT


-  INDICATES NEGATIVE NUMBERS.
R  INDICATES RECORD WAS SET OR TIED.
MM INDICATES DATA IS MISSING.
T  INDICATES TRACE AMOUNT.




$$
