000
CDUS41 KILN 260528
CLICMH


CLIMATE REPORT
NATIONAL WEATHER SERVICE WILMINGTON OH
127 AM EDT SUN APR 26 2015


...................................

...THE COLUMBUS OH CLIMATE SUMMARY FOR APRIL 25 2015...

CLIMATE NORMAL PERIOD 1981 TO 2010
CLIMATE RECORD PERIOD 1869 TO 2015


WEATHER ITEM   OBSERVED TIME   RECORD YEAR NORMAL DEPARTURE LAST
                VALUE   (LST)  VALUE       VALUE  FROM      YEAR
                                                  NORMAL
..................................................................
TEMPERATURE (F)
 YESTERDAY
  MAXIMUM         51    113 AM  90    1915  67    -16       60
  MINIMUM         42   1159 PM  25    1919  46     -4       47
  AVERAGE         47                        56     -9       54

PRECIPITATION (IN)
  YESTERDAY        0.39          1.74 1950   0.12   0.27     0.20
  MONTH TO DATE    4.04                      2.84   1.20     2.90
  SINCE MAR 1      7.96                      5.86   2.10     5.49
  SINCE JAN 1     12.53                     10.84   1.69    10.28

SNOWFALL (IN)
  YESTERDAY        0.0           0.0    MM   0.0    0.0      0.0
  MONTH TO DATE    0.0                       1.1   -1.1      0.9
  SINCE MAR 1      5.4                       5.3    0.1      5.4
  SINCE JUL 1     33.4                      26.7    6.7     56.4
  SNOW DEPTH       0

DEGREE DAYS
 HEATING
  YESTERDAY       18                         9      9       11
  MONTH TO DATE  269                       329    -60      268
  SINCE MAR 1   1103                      1045     58     1105
  SINCE JUL 1   5657                      5040    617     5489

 COOLING
  YESTERDAY        0                         1     -1        0
  MONTH TO DATE    0                         7     -7        6
  SINCE MAR 1      0                         7     -7        6
  SINCE JAN 1      0                         7     -7        6
..................................................................


WIND (MPH)
  RESULTANT WIND SPEED   8   RESULTANT WIND DIRECTION   E (80)
  HIGHEST WIND SPEED    21   HIGHEST WIND DIRECTION     E (90)
  HIGHEST GUST SPEED    26   HIGHEST GUST DIRECTION     E (90)
  AVERAGE WIND SPEED     9.0


SKY COVER
  POSSIBLE SUNSHINE  MM
  AVERAGE SKY COVER 1.0


WEATHER CONDITIONS
 THE FOLLOWING WEATHER WAS RECORDED YESTERDAY.
  RAIN
  LIGHT RAIN
  FOG


RELATIVE HUMIDITY (PERCENT)
 HIGHEST   100           400 PM
 LOWEST     42           600 AM
 AVERAGE    71

..........................................................


THE COLUMBUS OH CLIMATE NORMALS FOR TODAY
                         NORMAL    RECORD    YEAR
 MAXIMUM TEMPERATURE (F)   67        89      1948
                                             1915
 MINIMUM TEMPERATURE (F)   46        26      1972


SUNRISE AND SUNSET
APRIL 26 2015.........SUNRISE   638 AM EDT   SUNSET   821 PM EDT
APRIL 27 2015.........SUNRISE   637 AM EDT   SUNSET   822 PM EDT


-  INDICATES NEGATIVE NUMBERS.
R  INDICATES RECORD WAS SET OR TIED.
MM INDICATES DATA IS MISSING.
T  INDICATES TRACE AMOUNT.




$$
