000
CDUS41 KGYX 032040
CLICON


CLIMATE REPORT
NATIONAL WEATHER SERVICE GRAY ME
440 PM EDT SUN MAY 3 2015


...................................

...THE CONCORD NH CLIMATE SUMMARY FOR MAY 3 2015...
VALID TODAY AS OF 0400 PM LOCAL TIME.

CLIMATE NORMAL PERIOD 1981 TO 2010
CLIMATE RECORD PERIOD 1868 TO 2015


WEATHER ITEM   OBSERVED TIME   RECORD YEAR NORMAL DEPARTURE LAST
                VALUE   (LST)  VALUE       VALUE  FROM      YEAR
                                                  NORMAL
..................................................................
TEMPERATURE (F)
 TODAY
  MAXIMUM         77    259 PM  91    2001  65     12       68
  MINIMUM         38    455 AM  21    1966  38      0       37
  AVERAGE         58                        52      6       53

PRECIPITATION (IN)
  TODAY            0.00          1.23 1929   0.11  -0.11     0.07
  MONTH TO DATE    0.00                      0.34  -0.34     0.93
  SINCE MAR 1      3.74                      7.02  -3.28     7.78
  SINCE JAN 1      9.80                     12.34  -2.54    15.10

SNOWFALL (IN)
  TODAY            0.0           T    1908   0.0    0.0      0.0
                                      1911
                                      1953
  MONTH TO DATE    0.0                       0.0    0.0      0.0
  SINCE MAR 1      7.9                      13.9   -6.0     10.6
  SINCE JUL 1     92.1                      61.4   30.7     80.4
  SNOW DEPTH       0

DEGREE DAYS
 HEATING
  TODAY            7                        14     -7       12
  MONTH TO DATE   35                        42     -7       39
  SINCE MAR 1   1792                      1629    163     1872
  SINCE JUL 1   7246                      6889    357     7341

 COOLING
  TODAY            0                         0      0        0
  MONTH TO DATE    0                         0      0        0
  SINCE MAR 1      0                         2     -2        0
  SINCE JAN 1      0                         2     -2        0
..................................................................


WIND (MPH)
  HIGHEST WIND SPEED    13   HIGHEST WIND DIRECTION     S (190)
  HIGHEST GUST SPEED    16   HIGHEST GUST DIRECTION    SE (150)
  AVERAGE WIND SPEED     2.6


SKY COVER
  POSSIBLE SUNSHINE  MM
  AVERAGE SKY COVER 0.2


WEATHER CONDITIONS
 THE FOLLOWING WEATHER WAS RECORDED TODAY.
  NO SIGNIFICANT WEATHER WAS OBSERVED.


RELATIVE HUMIDITY (PERCENT)
 HIGHEST    92           400 AM
 LOWEST     15          1200 PM
 AVERAGE    54

..........................................................


THE CONCORD NH CLIMATE NORMALS FOR TOMORROW
                         NORMAL    RECORD    YEAR
 MAXIMUM TEMPERATURE (F)   65        92      1944
 MINIMUM TEMPERATURE (F)   39        22      1946


SUNRISE AND SUNSET
MAY  3 2015...........SUNRISE   537 AM EDT   SUNSET   749 PM EDT
MAY  4 2015...........SUNRISE   536 AM EDT   SUNSET   751 PM EDT


-  INDICATES NEGATIVE NUMBERS.
R  INDICATES RECORD WAS SET OR TIED.
MM INDICATES DATA IS MISSING.
T  INDICATES TRACE AMOUNT.




$$
