000
CDUS43 KLSX 030730
CLICOU


CLIMATE REPORT
NATIONAL WEATHER SERVICE ST LOUIS MO
229 AM CDT SUN MAY 3 2015


...................................

...THE COLUMBIA ASOS CLIMATE SUMMARY FOR MAY 2 2015...

CLIMATE NORMAL PERIOD 1981 TO 2010
CLIMATE RECORD PERIOD 1890 TO 2015


WEATHER ITEM   OBSERVED TIME   RECORD YEAR NORMAL DEPARTURE LAST
                VALUE   (LST)  VALUE       VALUE  FROM      YEAR
                                                  NORMAL
..................................................................
TEMPERATURE (F)
 YESTERDAY
  MAXIMUM         77    316 PM  90    1968  71      6       63
                                      1952
  MINIMUM         51    618 AM  33    1961  49      2       45
                                      1911
                                      1908
  AVERAGE         64                        60      4       54

PRECIPITATION (IN)
  YESTERDAY        T             2.63 1891   0.16  -0.16     0.00
  MONTH TO DATE    T                         0.32  -0.32      T
  SINCE MAR 1      4.83                      7.72  -2.89     9.51
  SINCE JAN 1      7.18                     11.89  -4.71    11.77

SNOWFALL (IN)
  YESTERDAY        0.0           0.0  2014   0.0    0.0      0.0
  MONTH TO DATE    0.0                       0.0    0.0      0.0
  SINCE MAR 1      1.6                       1.9   -0.3      0.5
  SINCE JUL 1     12.0                      18.0   -6.0     17.8
  SNOW DEPTH       0

DEGREE DAYS
 HEATING
  YESTERDAY        1                         6     -5       11
  MONTH TO DATE    9                        12     -3       28
  SINCE MAR 1    813                       969   -156     1058
  SINCE JUL 1   4868                      4915    -47     5487

 COOLING
  YESTERDAY        0                         1     -1        0
  MONTH TO DATE    0                         2     -2        0
  SINCE MAR 1     15                        27    -12       11
  SINCE JAN 1     15                        27    -12       11
..................................................................


WIND (MPH)
  HIGHEST WIND SPEED    15   HIGHEST WIND DIRECTION    SW (220)
  HIGHEST GUST SPEED    18   HIGHEST GUST DIRECTION     S (200)
  AVERAGE WIND SPEED     6.6


SKY COVER
  AVERAGE SKY COVER 0.4


WEATHER CONDITIONS
 THE FOLLOWING WEATHER WAS RECORDED YESTERDAY.
  LIGHT RAIN


RELATIVE HUMIDITY (PERCENT)
 HIGHEST    71
 LOWEST     31
 AVERAGE    51

..........................................................


THE COLUMBIA ASOS CLIMATE NORMALS FOR TODAY
                         NORMAL    RECORD    YEAR
 MAXIMUM TEMPERATURE (F)   71        89      1949
                                             1901
 MINIMUM TEMPERATURE (F)   50        29      1976


SUNRISE AND SUNSET
MAY  3 2015...........SUNRISE   609 AM CDT   SUNSET   803 PM CDT
MAY  4 2015...........SUNRISE   608 AM CDT   SUNSET   804 PM CDT


-  INDICATES NEGATIVE NUMBERS.
R  INDICATES RECORD WAS SET OR TIED.
MM INDICATES DATA IS MISSING.
T  INDICATES TRACE AMOUNT.




$$
