000
CDUS42 KTAE 190637
CLICTY


CLIMATE REPORT
NATIONAL WEATHER SERVICE TALLAHASSEE FL
231 AM EDT SUN APR 19 2015

...................................

...THE CROSS CITY  CLIMATE SUMMARY FOR APRIL 18 2015...

CLIMATE NORMAL PERIOD 1981 TO 2010
CLIMATE RECORD PERIOD 1948 TO 2015


WEATHER ITEM   OBSERVED TIME   NORMAL DEPARTURE LAST
                VALUE   (LST)  VALUE  FROM      YEAR
                                      NORMAL
......................................................
TEMPERATURE (F)
 YESTERDAY
  MAXIMUM         82    400 PM  80      2       73
  MINIMUM         75   1100 PM  54     21       63
  AVERAGE         79            67     12

PRECIPITATION (IN)
  YESTERDAY        0.00          0.07  -0.07     1.45
  MONTH TO DATE    0.43          2.20  -1.77     3.80
  SINCE MAR 1      1.80          6.41  -4.61     8.76
  SINCE JAN 1      7.77         13.72  -5.95    18.91

DEGREE DAYS
 HEATING
  YESTERDAY        0             1     -1
  MONTH TO DATE    0            39    -39
  SINCE MAR 1     52           174   -122
  SINCE JUL 1   1212          1294    -82

 COOLING
  YESTERDAY       14             4     10
  MONTH TO DATE  169            54    115
  SINCE MAR 1    325           101    224
  SINCE JAN 1    341           128    213
......................................................


WIND (MPH)
  RESULTANT WIND SPEED   4   RESULTANT WIND DIRECTION   W (250)
  HIGHEST WIND SPEED     9   HIGHEST WIND DIRECTION    SW (240)
  HIGHEST GUST SPEED    MM   HIGHEST GUST DIRECTION    MM
  AVERAGE WIND SPEED     4.2



WEATHER CONDITIONS
 THE FOLLOWING WEATHER WAS RECORDED YESTERDAY.
  NO SIGNIFICANT WEATHER WAS OBSERVED.


RELATIVE HUMIDITY (PERCENT)
 HIGHEST    94
 LOWEST     69

..........................................................



SUNRISE AND SUNSET
APRIL 19 2015.........SUNRISE   702 AM EDT   SUNSET   802 PM EDT
APRIL 20 2015.........SUNRISE   701 AM EDT   SUNSET   802 PM EDT


-  INDICATES NEGATIVE NUMBERS.
R  INDICATES RECORD WAS SET OR TIED.
MM INDICATES DATA IS MISSING.
T  INDICATES TRACE AMOUNT.


$$
