000
CDUS42 KCAE 020526
CLICUB


CLIMATE REPORT
NATIONAL WEATHER SERVICE COLUMBIA SC
126 AM EDT THU APR 2 2015


...................................

...THE HAMILTON - OWENS AIRPORT SC CLIMATE SUMMARY FOR APRIL 1 2015...

CLIMATE NORMAL PERIOD 1981 TO 2010
CLIMATE RECORD PERIOD 9999 TO 9999


WEATHER ITEM   OBSERVED TIME   NORMAL DEPARTURE LAST
                VALUE   (LST)  VALUE  FROM      YEAR
                                      NORMAL
......................................................
TEMPERATURE (F)
 YESTERDAY
  MAXIMUM         77    407 PM  73      4       86
  MINIMUM         58   1159 PM  49      9       46
  AVERAGE         68            61      7       66

PRECIPITATION (IN)
  YESTERDAY        0.00          0.12  -0.12     0.00
  MONTH TO DATE    0.00          0.12  -0.12     0.00
  SINCE MAR 1      2.64          4.00  -1.36     3.89
  SINCE JAN 1     10.56         11.28  -0.72    10.27

DEGREE DAYS
 HEATING
  YESTERDAY        0             5     -5        0
  MONTH TO DATE    0             5     -5        0
  SINCE MAR 1    208           279    -71      392
  SINCE JUL 1   2334          2208    126     2384

 COOLING
  YESTERDAY        3             1      2        1
  MONTH TO DATE    3             1      2        1
  SINCE MAR 1     24            16      8        3
  SINCE JAN 1     24            19      5        9
......................................................


WIND (MPH)
  HIGHEST WIND SPEED    12   HIGHEST WIND DIRECTION     W (260)
  HIGHEST GUST SPEED    17   HIGHEST GUST DIRECTION    NE (30)
  AVERAGE WIND SPEED     4.9


SKY COVER
  AVERAGE SKY COVER 0.0


WEATHER CONDITIONS
 THE FOLLOWING WEATHER WAS RECORDED YESTERDAY.
  NO SIGNIFICANT WEATHER WAS OBSERVED.


RELATIVE HUMIDITY (PERCENT)
 HIGHEST    86           700 AM
 LOWEST     29          1200 PM

..........................................................


THE HAMILTON - OWENS AIRPORT SC CLIMATE NORMALS FOR TODAY
                         NORMAL    RECORD    YEAR
 MAXIMUM TEMPERATURE (F)   73        MM        MM
 MINIMUM TEMPERATURE (F)   49        MM        MM


SUNRISE AND SUNSET
APRIL  2 2015.........SUNRISE   710 AM EDT   SUNSET   745 PM EDT
APRIL  3 2015.........SUNRISE   709 AM EDT   SUNSET   746 PM EDT


-  INDICATES NEGATIVE NUMBERS.
R  INDICATES RECORD WAS SET OR TIED.
MM INDICATES DATA IS MISSING.
T  INDICATES TRACE AMOUNT.




$$
