000
CDUS43 KUNR 270831
CLICUT


CLIMATE REPORT
NATIONAL WEATHER SERVICE RAPID CITY SD
231 AM MDT MON APR 27 2015


...................................

...THE CUSTER COUNTY AIRPORT SD CLIMATE SUMMARY FOR APRIL 26 2015...

CLIMATE NORMAL PERIOD 1981 TO 2010
CLIMATE RECORD PERIOD 9999 TO 9999


WEATHER ITEM   OBSERVED TIME   NORMAL DEPARTURE LAST
                VALUE   (LST)  VALUE  FROM      YEAR
                                      NORMAL
......................................................
TEMPERATURE (F)
 YESTERDAY
  MAXIMUM         43    246 AM  55    -12       60
  MINIMUM         38   1159 PM  30      8       39
  AVERAGE         41            42     -1       50

PRECIPITATION (IN)
  YESTERDAY        0.25          0.09   0.16     0.19
  MONTH TO DATE    1.82          1.75   0.07     1.40
  SINCE MAR 1      2.15          2.76  -0.61     2.60
  SINCE JAN 1      2.55          3.62  -1.07     3.93

DEGREE DAYS
 HEATING
  YESTERDAY       24            23      1       15
  MONTH TO DATE  637           689    -52      652
  SINCE MAR 1   1468          1729   -261     1704
  SINCE JUL 1   6917          7564   -647     7562

 COOLING
  YESTERDAY        0             0      0        0
  MONTH TO DATE    0             0      0        0
  SINCE MAR 1      0             0      0        0
  SINCE JAN 1      0             0      0        0
......................................................


WIND (MPH)
  HIGHEST WIND SPEED    16   HIGHEST WIND DIRECTION     E (100)
  HIGHEST GUST SPEED    22   HIGHEST GUST DIRECTION     E (90)
  AVERAGE WIND SPEED     7.6


SKY COVER
  AVERAGE SKY COVER 1.0


WEATHER CONDITIONS
 THE FOLLOWING WEATHER WAS RECORDED YESTERDAY.
  LIGHT RAIN
  FOG
  FOG W/VISIBILITY <= 1/4 MILE


RELATIVE HUMIDITY (PERCENT)
 HIGHEST   100
 LOWEST     92
 AVERAGE    96

..........................................................




SUNRISE AND SUNSET
APRIL 27 2015.........SUNRISE   553 AM MDT   SUNSET   752 PM MDT
APRIL 28 2015.........SUNRISE   551 AM MDT   SUNSET   753 PM MDT


-  INDICATES NEGATIVE NUMBERS.
R  INDICATES RECORD WAS SET OR TIED.
MM INDICATES DATA IS MISSING.
T  INDICATES TRACE AMOUNT.




$$
