000
CDUS41 KILN 192056
CLICVG


CLIMATE REPORT
NATIONAL WEATHER SERVICE WILMINGTON OH
454 PM EDT SUN APR 19 2015


...................................

...THE CINCINNATI OH CLIMATE SUMMARY FOR APRIL 19 2015...
VALID TODAY AS OF 0400 PM LOCAL TIME.

CLIMATE NORMAL PERIOD 1981 TO 2010
CLIMATE RECORD PERIOD 1869 TO 2015


WEATHER ITEM   OBSERVED TIME   RECORD YEAR NORMAL DEPARTURE LAST
                VALUE   (LST)  VALUE       VALUE  FROM      YEAR
                                                  NORMAL
..................................................................
TEMPERATURE (F)
 TODAY
  MAXIMUM         67   1253 AM  85    1976  66      1       70
  MINIMUM         59   1035 AM  25    1983  45     14       47
  AVERAGE         63                        55      8       59

PRECIPITATION (IN)
  TODAY            0.38          2.70 1940   0.13   0.25     0.00
  MONTH TO DATE    3.81                      2.40   1.41     4.84
  SINCE MAR 1     10.13                      6.36   3.77     7.25
  SINCE JAN 1     14.28                     12.17   2.11    12.79

SNOWFALL (IN)
  TODAY            0.0           0.0    MM   0.0    0.0      0.0
  MONTH TO DATE    0.0                       0.5   -0.5      0.6
  SINCE MAR 1      4.9                       3.5    1.4      3.9
  SINCE JUL 1     29.9                      22.1    7.8     47.5
  SNOW DEPTH       0

DEGREE DAYS
 HEATING
  TODAY            2                        10     -8        6
  MONTH TO DATE  120                       248   -128      217
  SINCE MAR 1    825                       914    -89      999
  SINCE JUL 1   5052                      4741    311     5243

 COOLING
  TODAY            0                         1     -1        0
  MONTH TO DATE    5                         7     -2        7
  SINCE MAR 1      5                         7     -2        7
  SINCE JAN 1      5                         7     -2        7
..................................................................


WIND (MPH)
  HIGHEST WIND SPEED    24   HIGHEST WIND DIRECTION    SE (120)
  HIGHEST GUST SPEED    33   HIGHEST GUST DIRECTION    SE (140)
  AVERAGE WIND SPEED    12.7


SKY COVER
  POSSIBLE SUNSHINE  MM
  AVERAGE SKY COVER 0.9


WEATHER CONDITIONS
 THE FOLLOWING WEATHER WAS RECORDED TODAY.
  HEAVY RAIN
  RAIN
  LIGHT RAIN
  FOG


RELATIVE HUMIDITY (PERCENT)
 HIGHEST    90          1100 AM
 LOWEST     45          1200 AM
 AVERAGE    68

..........................................................


THE CINCINNATI OH CLIMATE NORMALS FOR TOMORROW
                         NORMAL    RECORD    YEAR
 MAXIMUM TEMPERATURE (F)   66        89      1976
 MINIMUM TEMPERATURE (F)   45        24      1983


SUNRISE AND SUNSET
APRIL 19 2015.........SUNRISE   657 AM EDT   SUNSET   820 PM EDT
APRIL 20 2015.........SUNRISE   655 AM EDT   SUNSET   821 PM EDT


-  INDICATES NEGATIVE NUMBERS.
R  INDICATES RECORD WAS SET OR TIED.
MM INDICATES DATA IS MISSING.
T  INDICATES TRACE AMOUNT.




$$
