000
CDUS45 KCYS 030744
CLICYS


CLIMATE REPORT
NATIONAL WEATHER SERVICE CHEYENNE WY
144 AM MDT SUN MAY 3 2015


...................................

...THE CHEYENNE WYOMING AIRPORT CLIMATE SUMMARY FOR MAY 2 2015...

CLIMATE NORMAL PERIOD 1981 TO 2010
CLIMATE RECORD PERIOD 1871 TO 2015


WEATHER ITEM   OBSERVED TIME   RECORD YEAR NORMAL DEPARTURE LAST
                VALUE   (LST)  VALUE       VALUE  FROM      YEAR
                                                  NORMAL
..................................................................
TEMPERATURE (F)
 YESTERDAY
  MAXIMUM         73   1221 PM  84    1879  60     13       70
  MINIMUM         42    327 AM   9    2013  36      6       35
  AVERAGE         58                        48     10       53

PRECIPITATION (IN)
  YESTERDAY        0.03          2.00 1942   0.07  -0.04     0.00
  MONTH TO DATE    0.05                      0.13  -0.08     0.00
  SINCE JAN 1      3.64                      3.76  -0.12     3.97

SNOWFALL (IN)
  YESTERDAY        0.0          14.0  1942   0.1   -0.1      0.0
  MONTH TO DATE    0.0                       0.3   -0.3      0.0
  SINCE JUL 1     50.1                      58.3   -8.2     78.7
  SNOW DEPTH       0

DEGREE DAYS
 HEATING
  YESTERDAY        7                        17    -10       12
  MONTH TO DATE   19                        34    -15       34
  SINCE MAR 1   1353                      1600   -247     1540
  SINCE JUL 1   5999                      6619   -620     6744

 COOLING
  YESTERDAY        0                         0      0        0
  MONTH TO DATE    0                         0      0        0
  SINCE MAR 1      0                         0      0        0
  SINCE JAN 1      0                         0      0        0
..................................................................


WIND (MPH)
  HIGHEST WIND SPEED    37   HIGHEST WIND DIRECTION     W (260)
  HIGHEST GUST SPEED    46   HIGHEST GUST DIRECTION     W (270)
  AVERAGE WIND SPEED    15.5


SKY COVER
  AVERAGE SKY COVER 0.1


WEATHER CONDITIONS
 THE FOLLOWING WEATHER WAS RECORDED YESTERDAY.
  THUNDERSTORM
  LIGHT RAIN
  FOG


RELATIVE HUMIDITY (PERCENT)
 HIGHEST    93          1200 AM
 LOWEST     22           200 PM
 AVERAGE    58

..........................................................


THE CHEYENNE WYOMING AIRPORT CLIMATE NORMALS FOR TODAY
                         NORMAL    RECORD    YEAR
 MAXIMUM TEMPERATURE (F)   61        80      1947
                                             1940
 MINIMUM TEMPERATURE (F)   36         8      1907


SUNRISE AND SUNSET
MAY  3 2015...........SUNRISE   555 AM MDT   SUNSET   758 PM MDT
MAY  4 2015...........SUNRISE   553 AM MDT   SUNSET   759 PM MDT


-  INDICATES NEGATIVE NUMBERS.
R  INDICATES RECORD WAS SET OR TIED.
MM INDICATES DATA IS MISSING.
T  INDICATES TRACE AMOUNT.




$$
