000
CDUS46 KSGX 030017
CLICZZ


CLIMATE REPORT
NATIONAL WEATHER SERVICE SAN DIEGO, CA
517 PM PDT SAT MAY 2 2015


...................................

...THE CAMPO ASOS CA CLIMATE SUMMARY FOR MAY 2 2015...
VALID TODAY AS OF 0500 PM LOCAL TIME.

CLIMATE NORMAL PERIOD 1981 TO 2010
CLIMATE RECORD PERIOD 1948 TO 2015


WEATHER ITEM   OBSERVED TIME   RECORD YEAR NORMAL DEPARTURE LAST
                VALUE   (LST)  VALUE       VALUE  FROM      YEAR
                                                  NORMAL
..................................................................
TEMPERATURE (F)
 TODAY
  MAXIMUM         85   1059 AM  92    2014  77      8       92
  MINIMUM         46    356 AM  29    1990  40      6       40
  AVERAGE         66                        58      8       66

PRECIPITATION (IN)
  TODAY            0.00          0.62 1955   0.01  -0.01     0.00
  MONTH TO DATE    0.00                      0.03  -0.03     0.00
  SINCE OCT 1      6.62                     14.11  -7.49     5.00
  SINCE JAN 1      2.75                      9.89  -7.14     2.75

SNOWFALL (IN)
  TODAY            0.0
  MONTH TO DATE    0.0
  SINCE MAR 1      0.0
  SINCE JUL 1      0.0
  SNOW DEPTH       0

DEGREE DAYS
 HEATING
  TODAY            0                         7     -7        0
  MONTH TO DATE    0                        14    -14        2
  SINCE MAR 1    583                       731   -148      626
  SINCE JUL 1   2219                      2782   -563     2496

 COOLING
  TODAY            1                         0      1        1
  MONTH TO DATE    2                         0      2        1
  SINCE MAR 1      7                         3      4       11
  SINCE JAN 1      7                         3      4       11
..................................................................


WIND (MPH)
  RESULTANT WIND SPEED   4   RESULTANT WIND DIRECTION   W (290)
  HIGHEST WIND SPEED    23   HIGHEST WIND DIRECTION    SW (210)
  HIGHEST GUST SPEED    29   HIGHEST GUST DIRECTION     W (280)
  AVERAGE WIND SPEED     9.6


SKY COVER
  POSSIBLE SUNSHINE  MM
  AVERAGE SKY COVER 0.0



RELATIVE HUMIDITY (PERCENT)
 HIGHEST    58           500 AM
 LOWEST     16          1100 AM
 AVERAGE    37

..........................................................


THE CAMPO ASOS CA CLIMATE NORMALS FOR TOMORROW
                         NORMAL    RECORD    YEAR
 MAXIMUM TEMPERATURE (F)   77        93      2004
 MINIMUM TEMPERATURE (F)   40        29      1967


SUNRISE AND SUNSET
MAY  2 2015...........SUNRISE   558 AM PDT   SUNSET   728 PM PDT
MAY  3 2015...........SUNRISE   557 AM PDT   SUNSET   729 PM PDT


-  INDICATES NEGATIVE NUMBERS.
R  INDICATES RECORD WAS SET OR TIED.
MM INDICATES DATA IS MISSING.
T  INDICATES TRACE AMOUNT.




$$
