000
CDUS41 KRNK 192115
CLIDAN


CLIMATE REPORT
NATIONAL WEATHER SERVICE BLACKSBURG VA
513 PM EDT SUN APR 19 2015


...................................

...THE DANVILLE VA CLIMATE SUMMARY FOR APRIL 19 2015...
VALID TODAY AS OF 0500 PM LOCAL TIME.

CLIMATE NORMAL PERIOD 1981 TO 2010
CLIMATE RECORD PERIOD 1948 TO 2015


WEATHER ITEM   OBSERVED TIME   RECORD YEAR NORMAL DEPARTURE LAST
                VALUE   (LST)  VALUE       VALUE  FROM      YEAR
                                                  NORMAL
..................................................................
TEMPERATURE (F)
 TODAY
  MAXIMUM         70   1123 AM  94    1976  71     -1       63
  MINIMUM         63    400 PM  29    1983  48     15       46
  AVERAGE         67                        59      8

PRECIPITATION (IN)
  TODAY            0.06          1.27 1988   0.11  -0.05     0.28
  MONTH TO DATE    1.89                      2.24  -0.35     3.21
  SINCE MAR 1      4.01                      6.35  -2.34     6.41
  SINCE JAN 1      7.80                     12.78  -4.98    11.53

SNOWFALL (IN)
  TODAY            0.0
  MONTH TO DATE    0.0
  SINCE MAR 1      T
  SINCE JUL 1      9.8
  SNOW DEPTH       0

DEGREE DAYS
 HEATING
  TODAY            0                         7     -7
  MONTH TO DATE   79                       173    -94
  SINCE MAR 1    551                       683   -132
  SINCE JUL 1   3645                      3684    -39

 COOLING
  TODAY            2                         1      1
  MONTH TO DATE   30                        18     12
  SINCE MAR 1     30                        21      9
  SINCE JAN 1     30                        21      9
..................................................................


WIND (MPH)
  HIGHEST WIND SPEED    15   HIGHEST WIND DIRECTION     E (80)
  HIGHEST GUST SPEED    23   HIGHEST GUST DIRECTION     E (80)
  AVERAGE WIND SPEED     5.4


SKY COVER
  POSSIBLE SUNSHINE  MM
  AVERAGE SKY COVER 0.8


WEATHER CONDITIONS
 THE FOLLOWING WEATHER WAS RECORDED TODAY.
  LIGHT RAIN
  FOG


RELATIVE HUMIDITY (PERCENT)
 HIGHEST    93           800 AM
 LOWEST     70          1200 PM
 AVERAGE    82

..........................................................


THE DANVILLE VA CLIMATE NORMALS FOR TOMORROW
                         NORMAL    RECORD    YEAR
 MAXIMUM TEMPERATURE (F)   71        94      1976
 MINIMUM TEMPERATURE (F)   48        30      2001


SUNRISE AND SUNSET
APRIL 19 2015.........SUNRISE   639 AM EDT   SUNSET   755 PM EDT
APRIL 20 2015.........SUNRISE   637 AM EDT   SUNSET   756 PM EDT


-  INDICATES NEGATIVE NUMBERS.
R  INDICATES RECORD WAS SET OR TIED.
MM INDICATES DATA IS MISSING.
T  INDICATES TRACE AMOUNT.


REMARKS:
DUE TO EQUIPMENT FAILURE RESULTING IN MISSING TEMPERATURE DATA ON
FEBRUARY 15...THE SEASONAL TOTAL AND DEPARTURE FROM NORMAL FOR HDD
WILL BE CALCULATED WITHOUT DATA FROM THIS DATE. ALSO...DUE TO A
TIPPING BUCKET FAILURE RESULTING IN MISSING PRECIPITATION DATA ON
MARCH 14 AND 19-20...THE SEASONAL AND ANNUAL TOTALS AND DEPARTURES
FROM NORMAL FOR PRECIPITATION WILL BE CALCULATED WITHOUT DATA FROM
THOSE DATES.


$$

PW
