000
CDUS41 KILN 280548
CLIDAY


CLIMATE REPORT
NATIONAL WEATHER SERVICE WILMINGTON OH
130 AM EDT TUE APR 28 2015


...................................

...THE DAYTON OH CLIMATE SUMMARY FOR APRIL 27 2015...

CLIMATE NORMAL PERIOD 1981 TO 2010
CLIMATE RECORD PERIOD 1869 TO 2015


WEATHER ITEM   OBSERVED TIME   RECORD YEAR NORMAL DEPARTURE LAST
                VALUE   (LST)  VALUE       VALUE  FROM      YEAR
                                                  NORMAL
..................................................................
TEMPERATURE (F)
 YESTERDAY
  MAXIMUM         59   1256 PM  86    1986  66     -7       69
  MINIMUM         38    535 AM  28    1907  45     -7       40
  AVERAGE         49                        56     -7       55

PRECIPITATION (IN)
  YESTERDAY        0.00          1.60 1959   0.14  -0.14     0.00
  MONTH TO DATE    5.26                      3.67   1.59     4.16
  SINCE MAR 1      9.17                      7.01   2.16     6.78
  SINCE JAN 1     13.53                     11.96   1.57    11.76

SNOWFALL (IN)
  YESTERDAY        0.0                       0.0    0.0      0.0
  MONTH TO DATE    0.0                       0.6   -0.6      1.1
  SINCE MAR 1      5.7                       4.0    1.7      8.2
  SINCE JUL 1     27.7                      23.3    4.4     53.6
  SNOW DEPTH       0

DEGREE DAYS
 HEATING
  YESTERDAY       16                        10      6       10
  MONTH TO DATE  289                       384    -95      318
  SINCE MAR 1   1096                      1148    -52     1195
  SINCE JUL 1   5659                      5423    236     5794

 COOLING
  YESTERDAY        0                         1     -1        0
  MONTH TO DATE    4                         7     -3        8
  SINCE MAR 1      4                         7     -3        8
  SINCE JAN 1      4                         7     -3        8
..................................................................


WIND (MPH)
  RESULTANT WIND SPEED   7   RESULTANT WIND DIRECTION   N (20)
  HIGHEST WIND SPEED    18   HIGHEST WIND DIRECTION     N (20)
  HIGHEST GUST SPEED    22   HIGHEST GUST DIRECTION     N (20)
  AVERAGE WIND SPEED     8.1



WEATHER CONDITIONS
 THE FOLLOWING WEATHER WAS RECORDED YESTERDAY.
  NO SIGNIFICANT WEATHER WAS OBSERVED.


RELATIVE HUMIDITY (PERCENT)
 HIGHEST    76           600 AM
 LOWEST     43          1200 PM
 AVERAGE    60

..........................................................


THE DAYTON OH CLIMATE NORMALS FOR TODAY
                         NORMAL    RECORD    YEAR
 MAXIMUM TEMPERATURE (F)   66        85      1894
 MINIMUM TEMPERATURE (F)   46        29      1934


SUNRISE AND SUNSET
APRIL 28 2015.........SUNRISE   641 AM EDT   SUNSET   828 PM EDT
APRIL 29 2015.........SUNRISE   640 AM EDT   SUNSET   829 PM EDT


-  INDICATES NEGATIVE NUMBERS.
R  INDICATES RECORD WAS SET OR TIED.
MM INDICATES DATA IS MISSING.
T  INDICATES TRACE AMOUNT.




$$
